Last updated on 2025-05-07 05:50:40 CEST.
Flavor | Version | Tinstall | Tcheck | Ttotal | Status | Flags |
---|---|---|---|---|---|---|
r-devel-linux-x86_64-debian-clang | 0.0-3 | 2.02 | 22.45 | 24.47 | OK | |
r-devel-linux-x86_64-debian-gcc | 0.0-3 | 1.74 | 17.76 | 19.50 | OK | |
r-devel-linux-x86_64-fedora-clang | 0.0-3 | 37.64 | OK | |||
r-devel-linux-x86_64-fedora-gcc | 0.0-3 | 37.48 | OK | |||
r-devel-windows-x86_64 | 0.0-3 | 3.00 | 47.00 | 50.00 | OK | |
r-patched-linux-x86_64 | 0.0-3 | 2.45 | 21.14 | 23.59 | OK | |
r-release-linux-x86_64 | 0.0-3 | 1.92 | 21.19 | 23.11 | OK | |
r-release-macos-arm64 | 0.0-3 | 15.00 | OK | |||
r-release-macos-x86_64 | 0.0-3 | 26.00 | OK | |||
r-release-windows-x86_64 | 0.0-3 | 3.00 | 47.00 | 50.00 | OK | |
r-oldrel-macos-arm64 | 0.0-3 | 17.00 | NOTE | |||
r-oldrel-macos-x86_64 | 0.0-3 | 23.00 | NOTE | |||
r-oldrel-windows-x86_64 | 0.0-3 | 3.00 | 50.00 | 53.00 | NOTE |
Version: 0.0-3
Check: LazyData
Result: NOTE
'LazyData' is specified without a 'data' directory
Flavors: r-oldrel-macos-arm64, r-oldrel-macos-x86_64, r-oldrel-windows-x86_64