Last updated on 2025-05-07 05:50:40 CEST.
Flavor | Version | Tinstall | Tcheck | Ttotal | Status | Flags |
---|---|---|---|---|---|---|
r-devel-linux-x86_64-debian-clang | 0.3.1 | 1.91 | 44.10 | 46.01 | ERROR | |
r-devel-linux-x86_64-debian-gcc | 0.3.2 | 1.57 | 25.86 | 27.43 | OK | |
r-devel-linux-x86_64-fedora-clang | 0.3.2 | 51.98 | OK | |||
r-devel-linux-x86_64-fedora-gcc | 0.3.2 | 36.65 | OK | |||
r-devel-windows-x86_64 | 0.3.2 | 4.00 | 55.00 | 59.00 | OK | |
r-patched-linux-x86_64 | 0.3.1 | 1.72 | 74.32 | 76.04 | OK | |
r-release-linux-x86_64 | 0.3.1 | 1.81 | 40.63 | 42.44 | ERROR | |
r-release-macos-arm64 | 0.3.2 | 27.00 | OK | |||
r-release-macos-x86_64 | 0.3.2 | 58.00 | OK | |||
r-release-windows-x86_64 | 0.3.2 | 4.00 | 56.00 | 60.00 | OK | |
r-oldrel-macos-arm64 | 0.3.2 | 33.00 | OK | |||
r-oldrel-macos-x86_64 | 0.3.2 | 66.00 | OK | |||
r-oldrel-windows-x86_64 | 0.3.1 | 4.00 | 143.00 | 147.00 | OK |
Version: 0.3.1
Check: re-building of vignette outputs
Result: ERROR
Error(s) in re-building vignettes:
...
--- re-building ‘rvest-benchmarks.Rmd’ using rmarkdown
** Processing: /home/hornik/tmp/R.check/r-devel-clang/Work/PKGS/readMDTable.Rcheck/vign_test/readMDTable/vignettes/rvest-benchmarks_files/figure-html/benchmark-1-1.png
864x288 pixels, 8 bits/pixel, 255 colors in palette
Reducing image to 8 bits/pixel, grayscale
Input IDAT size = 10136 bytes
Input file size = 11003 bytes
Trying:
zc = 9 zm = 8 zs = 0 f = 0 IDAT size = 8796
zc = 9 zm = 8 zs = 1 f = 0
zc = 1 zm = 8 zs = 2 f = 0
zc = 9 zm = 8 zs = 3 f = 0
zc = 9 zm = 8 zs = 0 f = 5
zc = 9 zm = 8 zs = 1 f = 5
zc = 1 zm = 8 zs = 2 f = 5
zc = 9 zm = 8 zs = 3 f = 5
Selecting parameters:
zc = 9 zm = 8 zs = 0 f = 0 IDAT size = 8796
Output IDAT size = 8796 bytes (1340 bytes decrease)
Output file size = 8874 bytes (2129 bytes = 19.35% decrease)
** Processing: /home/hornik/tmp/R.check/r-devel-clang/Work/PKGS/readMDTable.Rcheck/vign_test/readMDTable/vignettes/rvest-benchmarks_files/figure-html/benchmark-2-1.png
864x288 pixels, 8 bits/pixel, 255 colors in palette
Reducing image to 8 bits/pixel, grayscale
Input IDAT size = 10755 bytes
Input file size = 11622 bytes
Trying:
zc = 9 zm = 8 zs = 0 f = 0 IDAT size = 9384
zc = 9 zm = 8 zs = 1 f = 0
zc = 1 zm = 8 zs = 2 f = 0
zc = 9 zm = 8 zs = 3 f = 0
zc = 9 zm = 8 zs = 0 f = 5
zc = 9 zm = 8 zs = 1 f = 5
zc = 1 zm = 8 zs = 2 f = 5
zc = 9 zm = 8 zs = 3 f = 5
Selecting parameters:
zc = 9 zm = 8 zs = 0 f = 0 IDAT size = 9384
Output IDAT size = 9384 bytes (1371 bytes decrease)
Output file size = 9462 bytes (2160 bytes = 18.59% decrease)
Quitting from rvest-benchmarks.Rmd:78-89 [benchmark-3]
~~~~~~~~~~~~~~~~~~~~~~~~~~~~~~~~~~~~~~~~~~~~~~~~~~~~~~~~~~~~~~~~~~~~~~~~~~~~~~~~
<error/rlang_error>
Error in `open.connection()`:
! cannot open the connection
---
Backtrace:
▆
1. └─readr::read_file(mtcars_split_html_url)
2. └─readr::datasource(file, skip_empty_rows = FALSE)
3. └─readr:::datasource_connection(...)
4. └─readr:::read_connection(path)
5. ├─base::open(con, "rb")
6. └─base::open.connection(con, "rb")
~~~~~~~~~~~~~~~~~~~~~~~~~~~~~~~~~~~~~~~~~~~~~~~~~~~~~~~~~~~~~~~~~~~~~~~~~~~~~~~~
Error: processing vignette 'rvest-benchmarks.Rmd' failed with diagnostics:
cannot open the connection
--- failed re-building ‘rvest-benchmarks.Rmd’
SUMMARY: processing the following file failed:
‘rvest-benchmarks.Rmd’
Error: Vignette re-building failed.
Execution halted
Flavor: r-devel-linux-x86_64-debian-clang
Version: 0.3.1
Check: re-building of vignette outputs
Result: ERROR
Error(s) in re-building vignettes:
...
--- re-building ‘rvest-benchmarks.Rmd’ using rmarkdown
** Processing: /home/hornik/tmp/R.check/r-release-gcc/Work/PKGS/readMDTable.Rcheck/vign_test/readMDTable/vignettes/rvest-benchmarks_files/figure-html/benchmark-1-1.png
864x288 pixels, 8 bits/pixel, 255 colors in palette
Reducing image to 8 bits/pixel, grayscale
Input IDAT size = 10896 bytes
Input file size = 11763 bytes
Trying:
zc = 9 zm = 8 zs = 0 f = 0 IDAT size = 9351
zc = 9 zm = 8 zs = 1 f = 0
zc = 1 zm = 8 zs = 2 f = 0
zc = 9 zm = 8 zs = 3 f = 0
zc = 9 zm = 8 zs = 0 f = 5
zc = 9 zm = 8 zs = 1 f = 5
zc = 1 zm = 8 zs = 2 f = 5
zc = 9 zm = 8 zs = 3 f = 5
Selecting parameters:
zc = 9 zm = 8 zs = 0 f = 0 IDAT size = 9351
Output IDAT size = 9351 bytes (1545 bytes decrease)
Output file size = 9429 bytes (2334 bytes = 19.84% decrease)
Quitting from rvest-benchmarks.Rmd:61-72 [benchmark-2]
~~~~~~~~~~~~~~~~~~~~~~~~~~~~~~~~~~~~~~~~~~~~~~~~~~~~~~~~~~~~~~~~~~~~~~~~~~~~~~~~
<error/rlang_error>
Error in `open.connection()`:
! cannot open the connection
---
Backtrace:
▆
1. ├─microbenchmark::microbenchmark(...)
2. └─global test_rvest(mtcars_html_url)
3. ├─rvest::html_table(rvest::read_html(content))
4. ├─rvest::read_html(content)
5. └─xml2:::read_html.default(content)
6. ├─base::suppressWarnings(...)
7. │ └─base::withCallingHandlers(...)
8. ├─xml2::read_xml(x, encoding = encoding, ..., as_html = TRUE, options = options)
9. └─xml2:::read_xml.character(...)
10. └─xml2:::read_xml.connection(...)
11. ├─base::open(x, "rb")
12. └─base::open.connection(x, "rb")
~~~~~~~~~~~~~~~~~~~~~~~~~~~~~~~~~~~~~~~~~~~~~~~~~~~~~~~~~~~~~~~~~~~~~~~~~~~~~~~~
Error: processing vignette 'rvest-benchmarks.Rmd' failed with diagnostics:
cannot open the connection
--- failed re-building ‘rvest-benchmarks.Rmd’
SUMMARY: processing the following file failed:
‘rvest-benchmarks.Rmd’
Error: Vignette re-building failed.
Execution halted
Flavor: r-release-linux-x86_64