CRAN Package Check Results for Package raven.rdf

Last updated on 2025-05-07 05:50:40 CEST.

Flavor Version Tinstall Tcheck Ttotal Status Flags
r-devel-linux-x86_64-debian-clang 0.2.0 2.84 20.61 23.45 OK
r-devel-linux-x86_64-debian-gcc 0.2.0 1.92 16.25 18.17 OK
r-devel-linux-x86_64-fedora-clang 0.2.0 40.24 OK
r-devel-linux-x86_64-fedora-gcc 0.2.0 37.76 OK
r-devel-windows-x86_64 0.2.0 4.00 40.00 44.00 OK
r-patched-linux-x86_64 0.2.0 3.06 19.69 22.75 OK
r-release-linux-x86_64 0.2.0 2.82 19.99 22.81 OK
r-release-macos-arm64 0.2.0 14.00 OK
r-release-macos-x86_64 0.2.0 24.00 OK
r-release-windows-x86_64 0.2.0 3.00 41.00 44.00 OK
r-oldrel-macos-arm64 0.2.0 14.00 NOTE
r-oldrel-macos-x86_64 0.2.0 21.00 NOTE
r-oldrel-windows-x86_64 0.2.0 3.00 46.00 49.00 NOTE

Check Details

Version: 0.2.0
Check: LazyData
Result: NOTE 'LazyData' is specified without a 'data' directory Flavors: r-oldrel-macos-arm64, r-oldrel-macos-x86_64, r-oldrel-windows-x86_64