Last updated on 2025-05-08 05:51:58 CEST.
Flavor | Version | Tinstall | Tcheck | Ttotal | Status | Flags |
---|---|---|---|---|---|---|
r-devel-linux-x86_64-debian-clang | 1.1 | 5.69 | 58.25 | 63.94 | NOTE | |
r-devel-linux-x86_64-debian-gcc | 1.1 | 4.97 | 42.81 | 47.78 | NOTE | |
r-devel-linux-x86_64-fedora-clang | 1.1 | 101.61 | OK | |||
r-devel-linux-x86_64-fedora-gcc | 1.1 | 94.46 | OK | |||
r-devel-windows-x86_64 | 1.1 | 7.00 | 69.00 | 76.00 | OK | |
r-patched-linux-x86_64 | 1.1 | 6.53 | 55.49 | 62.02 | OK | |
r-release-linux-x86_64 | 1.1 | 5.96 | 54.92 | 60.88 | OK | |
r-release-macos-arm64 | 1.1 | 42.00 | OK | |||
r-release-macos-x86_64 | 1.1 | 58.00 | OK | |||
r-release-windows-x86_64 | 1.1 | 7.00 | 71.00 | 78.00 | OK | |
r-oldrel-macos-arm64 | 1.1 | 31.00 | OK | |||
r-oldrel-macos-x86_64 | 1.1 | 45.00 | OK | |||
r-oldrel-windows-x86_64 | 1.1 | 10.00 | 82.00 | 92.00 | OK |
Version: 1.1
Check: CRAN incoming feasibility
Result: NOTE
Maintainer: ‘Abdelmoneim Amer Desouki <desouki@hhu.de>’
No Authors@R field in DESCRIPTION.
Please add one, modifying
Authors@R: person(given = c("Abdelmoneim", "Amer"),
family = "Desouki",
role = c("aut", "cre"),
email = "desouki@hhu.de")
as necessary.
The Description field contains
Desouki, M. Roeder, A. Ngonga (2019) <arXiv:1903.10326>.
Please refer to arXiv e-prints via their arXiv DOI <doi:10.48550/arXiv.YYMM.NNNNN>.
Flavors: r-devel-linux-x86_64-debian-clang, r-devel-linux-x86_64-debian-gcc