CRAN Package Check Results for Package rADA

Last updated on 2025-05-07 05:50:39 CEST.

Flavor Version Tinstall Tcheck Ttotal Status Flags
r-devel-linux-x86_64-debian-clang 1.1.9 3.82 48.53 52.35 OK
r-devel-linux-x86_64-debian-gcc 1.1.9 2.83 37.13 39.96 OK
r-devel-linux-x86_64-fedora-clang 1.1.9 81.05 NOTE
r-devel-linux-x86_64-fedora-gcc 1.1.9 91.75 NOTE
r-devel-windows-x86_64 1.1.9 7.00 70.00 77.00 OK
r-patched-linux-x86_64 1.1.9 3.60 46.05 49.65 OK
r-release-linux-x86_64 1.1.9 3.67 46.29 49.96 OK
r-release-macos-arm64 1.1.9 37.00 OK
r-release-macos-x86_64 1.1.9 58.00 OK
r-release-windows-x86_64 1.1.9 5.00 69.00 74.00 OK
r-oldrel-macos-arm64 1.1.9 33.00 NOTE
r-oldrel-macos-x86_64 1.1.9 47.00 NOTE
r-oldrel-windows-x86_64 1.1.9 7.00 81.00 88.00 NOTE

Check Details

Version: 1.1.9
Check: dependencies in R code
Result: NOTE Namespaces in Imports field not imported from: ‘Hmisc’ ‘car’ ‘dplyr’ ‘grid’ ‘gridExtra’ ‘knitr’ ‘lmerTest’ ‘tidyr’ All declared Imports should be used. Flavors: r-devel-linux-x86_64-fedora-clang, r-devel-linux-x86_64-fedora-gcc

Version: 1.1.9
Check: installed package size
Result: NOTE installed size is 5.7Mb sub-directories of 1Mb or more: doc 5.5Mb Flavors: r-oldrel-macos-arm64, r-oldrel-macos-x86_64, r-oldrel-windows-x86_64