CRAN Package Check Results for Package queueing

Last updated on 2025-07-14 05:48:35 CEST.

Flavor Version Tinstall Tcheck Ttotal Status Flags
r-devel-linux-x86_64-debian-clang 0.2.12 8.79 78.55 87.34 NOTE
r-devel-linux-x86_64-debian-gcc 0.2.12 5.94 52.41 58.35 NOTE
r-devel-linux-x86_64-fedora-clang 0.2.12 133.89 OK
r-devel-linux-x86_64-fedora-gcc 0.2.12 126.69 OK
r-devel-windows-x86_64 0.2.12 10.00 157.00 167.00 OK
r-patched-linux-x86_64 0.2.12 15.41 73.53 88.94 OK
r-release-linux-x86_64 0.2.12 8.24 72.54 80.78 OK
r-release-macos-arm64 0.2.12 40.00 OK
r-release-macos-x86_64 0.2.12 66.00 OK
r-release-windows-x86_64 0.2.12 12.00 171.00 183.00 OK
r-oldrel-macos-arm64 0.2.12 35.00 OK
r-oldrel-macos-x86_64 0.2.12 53.00 OK
r-oldrel-windows-x86_64 0.2.12 12.00 140.00 152.00 OK

Check Details

Version: 0.2.12
Check: CRAN incoming feasibility
Result: NOTE Maintainer: ‘Pedro Canadilla <pedro.canadilla@gmail.com>’ No Authors@R field in DESCRIPTION. Please add one, modifying Authors@R: person(given = "Pedro", family = "Canadilla", role = c("aut", "cre"), email = "pedro.canadilla@gmail.com") as necessary. Flavors: r-devel-linux-x86_64-debian-clang, r-devel-linux-x86_64-debian-gcc