CRAN Package Check Results for Package qboxplot

Last updated on 2025-07-14 05:48:35 CEST.

Flavor Version Tinstall Tcheck Ttotal Status Flags
r-devel-linux-x86_64-debian-clang 0.2 1.63 18.24 19.87 NOTE
r-devel-linux-x86_64-debian-gcc 0.2 1.41 15.72 17.13 NOTE
r-devel-linux-x86_64-fedora-clang 0.2 30.75 OK
r-devel-linux-x86_64-fedora-gcc 0.2 29.56 OK
r-devel-windows-x86_64 0.2 2.00 42.00 44.00 OK
r-patched-linux-x86_64 0.2 1.72 17.49 19.21 OK
r-release-linux-x86_64 0.2 1.53 17.50 19.03 OK
r-release-macos-arm64 0.2 17.00 OK
r-release-macos-x86_64 0.2 23.00 OK
r-release-windows-x86_64 0.2 2.00 42.00 44.00 OK
r-oldrel-macos-arm64 0.2 16.00 OK
r-oldrel-macos-x86_64 0.2 20.00 OK
r-oldrel-windows-x86_64 0.2 2.00 39.00 41.00 OK

Check Details

Version: 0.2
Check: CRAN incoming feasibility
Result: NOTE Maintainer: ‘Tom Pike <tpike@lincoln.ac.uk>’ No Authors@R field in DESCRIPTION. Please add one, modifying Authors@R: person(given = "Tom", family = "Pike", role = c("aut", "cre"), email = "tpike@lincoln.ac.uk") as necessary. Flavors: r-devel-linux-x86_64-debian-clang, r-devel-linux-x86_64-debian-gcc