CRAN Package Check Results for Package qacBase

Last updated on 2025-05-07 05:50:39 CEST.

Flavor Version Tinstall Tcheck Ttotal Status Flags
r-devel-linux-x86_64-debian-clang 1.0.3 11.46 133.61 145.07 NOTE
r-devel-linux-x86_64-debian-gcc 1.0.3 7.66 89.20 96.86 NOTE
r-devel-linux-x86_64-fedora-clang 1.0.3 216.04 NOTE
r-devel-linux-x86_64-fedora-gcc 1.0.3 230.10 NOTE
r-devel-windows-x86_64 1.0.3 12.00 138.00 150.00 NOTE
r-patched-linux-x86_64 1.0.3 10.14 124.85 134.99 NOTE
r-release-linux-x86_64 1.0.3 10.33 125.63 135.96 NOTE
r-release-macos-arm64 1.0.3 69.00 NOTE
r-release-macos-x86_64 1.0.3 306.00 NOTE
r-release-windows-x86_64 1.0.3 14.00 136.00 150.00 NOTE
r-oldrel-macos-arm64 1.0.3 68.00 NOTE
r-oldrel-macos-x86_64 1.0.3 121.00 NOTE
r-oldrel-windows-x86_64 1.0.3 16.00 176.00 192.00 NOTE

Check Details

Version: 1.0.3
Check: Rd files
Result: NOTE checkRd: (-1) crosstab.Rd:45: Lost braces in \itemize; \value handles \item{}{} directly checkRd: (-1) crosstab.Rd:46: Lost braces in \itemize; \value handles \item{}{} directly checkRd: (-1) crosstab.Rd:47: Lost braces in \itemize; \value handles \item{}{} directly checkRd: (-1) crosstab.Rd:48: Lost braces in \itemize; \value handles \item{}{} directly checkRd: (-1) crosstab.Rd:49: Lost braces in \itemize; \value handles \item{}{} directly checkRd: (-1) crosstab.Rd:50: Lost braces in \itemize; \value handles \item{}{} directly checkRd: (-1) crosstab.Rd:51-52: Lost braces in \itemize; \value handles \item{}{} directly Flavors: r-devel-linux-x86_64-debian-clang, r-devel-linux-x86_64-debian-gcc, r-devel-linux-x86_64-fedora-clang, r-devel-linux-x86_64-fedora-gcc, r-devel-windows-x86_64, r-patched-linux-x86_64, r-release-linux-x86_64, r-release-macos-arm64, r-release-macos-x86_64, r-release-windows-x86_64, r-oldrel-macos-arm64, r-oldrel-macos-x86_64, r-oldrel-windows-x86_64

Version: 1.0.3
Check: Rd cross-references
Result: NOTE Found the following Rd file(s) with Rd \link{} targets missing package anchors: univariate_plot.Rd: ggplot2, patchwork Please provide package anchors for all Rd \link{} targets not in the package itself and the base packages. Flavors: r-devel-linux-x86_64-debian-clang, r-devel-linux-x86_64-debian-gcc, r-devel-windows-x86_64, r-patched-linux-x86_64, r-release-linux-x86_64, r-release-windows-x86_64