CRAN Package Check Results for Package provViz

Last updated on 2025-10-12 05:50:07 CEST.

Flavor Version Tinstall Tcheck Ttotal Status Flags
r-devel-linux-x86_64-debian-clang 1.0.9 1.56 18.05 19.61 OK
r-devel-linux-x86_64-debian-gcc 1.0.9 1.28 15.51 16.79 OK
r-devel-linux-x86_64-fedora-clang 1.0.9 30.17 OK
r-devel-linux-x86_64-fedora-gcc 1.0.9 29.07 OK
r-devel-windows-x86_64 1.0.9 3.00 36.00 39.00 OK
r-patched-linux-x86_64 1.0.9 1.60 16.80 18.40 OK
r-release-linux-x86_64 1.0.9 1.61 16.82 18.43 OK
r-release-macos-arm64 1.0.9 14.00 OK
r-release-macos-x86_64 1.0.9 22.00 OK
r-release-windows-x86_64 1.0.9 3.00 39.00 42.00 OK
r-oldrel-macos-arm64 1.0.9 15.00 NOTE
r-oldrel-macos-x86_64 1.0.9 19.00 NOTE
r-oldrel-windows-x86_64 1.0.9 5.00 41.00 46.00 NOTE

Check Details

Version: 1.0.9
Check: package dependencies
Result: NOTE Package suggested but not available for checking: ‘rdt’ Flavors: r-oldrel-macos-arm64, r-oldrel-macos-x86_64, r-oldrel-windows-x86_64