Last updated on 2025-05-08 05:51:57 CEST.
Flavor | Version | Tinstall | Tcheck | Ttotal | Status | Flags |
---|---|---|---|---|---|---|
r-devel-linux-x86_64-debian-clang | 0.6.1 | 2.70 | 27.89 | 30.59 | NOTE | |
r-devel-linux-x86_64-debian-gcc | 0.6.1 | 2.00 | 21.36 | 23.36 | NOTE | |
r-devel-linux-x86_64-fedora-clang | 0.6.1 | 48.41 | NOTE | |||
r-devel-linux-x86_64-fedora-gcc | 0.6.1 | 45.97 | NOTE | |||
r-devel-windows-x86_64 | 0.6.1 | 3.00 | 48.00 | 51.00 | NOTE | |
r-patched-linux-x86_64 | 0.6.1 | 2.80 | 26.87 | 29.67 | NOTE | |
r-release-linux-x86_64 | 0.6.1 | 2.45 | 26.63 | 29.08 | NOTE | |
r-release-macos-arm64 | 0.6.1 | 20.00 | NOTE | |||
r-release-macos-x86_64 | 0.6.1 | 44.00 | NOTE | |||
r-release-windows-x86_64 | 0.6.1 | 4.00 | 49.00 | 53.00 | NOTE | |
r-oldrel-macos-arm64 | 0.6.1 | 23.00 | NOTE | |||
r-oldrel-macos-x86_64 | 0.6.1 | 26.00 | NOTE | |||
r-oldrel-windows-x86_64 | 0.6.1 | 4.00 | 53.00 | 57.00 | NOTE |
Version: 0.6.1
Check: Rd files
Result: NOTE
checkRd: (-1) plot.profileModel.Rd:69: Escaped LaTeX specials: \&
checkRd: (-1) profileModel.Rd:277: Escaped LaTeX specials: \&
Flavors: r-devel-linux-x86_64-debian-clang, r-devel-linux-x86_64-debian-gcc, r-devel-linux-x86_64-fedora-clang, r-devel-linux-x86_64-fedora-gcc, r-devel-windows-x86_64, r-patched-linux-x86_64, r-release-linux-x86_64, r-release-macos-arm64, r-release-macos-x86_64, r-release-windows-x86_64, r-oldrel-macos-arm64, r-oldrel-macos-x86_64, r-oldrel-windows-x86_64