CRAN Package Check Results for Package ppmlasso

Last updated on 2025-10-12 05:50:06 CEST.

Flavor Version Tinstall Tcheck Ttotal Status Flags
r-devel-linux-x86_64-debian-clang 1.4 12.29 128.30 140.59 NOTE
r-devel-linux-x86_64-debian-gcc 1.4 9.06 90.86 99.92 NOTE
r-devel-linux-x86_64-fedora-clang 1.5 211.20 OK
r-devel-linux-x86_64-fedora-gcc 1.5 204.56 OK
r-devel-windows-x86_64 1.4 12.00 129.00 141.00 NOTE
r-patched-linux-x86_64 1.4 11.91 116.23 128.14 NOTE
r-release-linux-x86_64 1.4 10.41 117.78 128.19 NOTE
r-release-macos-arm64 1.5 61.00 OK
r-release-macos-x86_64 1.5 147.00 OK
r-release-windows-x86_64 1.4 13.00 133.00 146.00 NOTE
r-oldrel-macos-arm64 1.5 64.00 OK
r-oldrel-macos-x86_64 1.5 131.00 OK
r-oldrel-windows-x86_64 1.4 18.00 162.00 180.00 OK

Check Details

Version: 1.4
Check: CRAN incoming feasibility
Result: NOTE Maintainer: ‘Ian Renner <Ian.Renner@newcastle.edu.au>’ No Authors@R field in DESCRIPTION. Please add one, modifying Authors@R: person(given = "Ian", family = "Renner", role = c("aut", "cre"), email = "ian.renner@newcastle.edu.au") as necessary. Flavors: r-devel-linux-x86_64-debian-clang, r-devel-linux-x86_64-debian-gcc

Version: 1.4
Check: Rd cross-references
Result: NOTE Found the following Rd file(s) with Rd \link{} targets missing package anchors: envelope-methods.Rd: envelope Please provide package anchors for all Rd \link{} targets not in the package itself and the base packages. Flavors: r-devel-linux-x86_64-debian-clang, r-devel-linux-x86_64-debian-gcc, r-devel-windows-x86_64, r-patched-linux-x86_64, r-release-linux-x86_64, r-release-windows-x86_64