Last updated on 2025-05-07 05:50:39 CEST.
Flavor | Version | Tinstall | Tcheck | Ttotal | Status | Flags |
---|---|---|---|---|---|---|
r-devel-linux-x86_64-debian-clang | 1.3 | 28.75 | 92.15 | 120.90 | NOTE | |
r-devel-linux-x86_64-debian-gcc | 1.3 | 23.00 | 59.63 | 82.63 | NOTE | |
r-devel-linux-x86_64-fedora-clang | 1.3 | 197.51 | OK | |||
r-devel-linux-x86_64-fedora-gcc | 1.3 | 207.05 | OK | |||
r-devel-windows-x86_64 | 1.3 | 37.00 | 107.00 | 144.00 | NOTE | |
r-patched-linux-x86_64 | 1.3 | 28.56 | 80.89 | 109.45 | NOTE | |
r-release-linux-x86_64 | 1.3 | 31.16 | 80.06 | 111.22 | NOTE | |
r-release-macos-arm64 | 1.3 | 56.00 | OK | |||
r-release-macos-x86_64 | 1.3 | 97.00 | OK | |||
r-release-windows-x86_64 | 1.3 | 38.00 | 109.00 | 147.00 | NOTE | |
r-oldrel-macos-arm64 | 1.3 | 57.00 | OK | |||
r-oldrel-macos-x86_64 | 1.3 | 81.00 | NOTE | |||
r-oldrel-windows-x86_64 | 1.3 | 43.00 | 136.00 | 179.00 | OK |
Version: 1.3
Check: Rd cross-references
Result: NOTE
Found the following Rd file(s) with Rd \link{} targets missing package
anchors:
plot.ppgmmga.Rd: ggplot
ppgmmga.Rd: densityMclust, ga, gaisl
ppgmmga.options.Rd: ga_Selection, ga_Crossover, ga_Mutation
Please provide package anchors for all Rd \link{} targets not in the
package itself and the base packages.
Flavors: r-devel-linux-x86_64-debian-clang, r-devel-linux-x86_64-debian-gcc, r-devel-windows-x86_64, r-patched-linux-x86_64, r-release-linux-x86_64, r-release-windows-x86_64
Version: 1.3
Check: installed package size
Result: NOTE
installed size is 5.0Mb
sub-directories of 1Mb or more:
libs 3.3Mb
Flavor: r-oldrel-macos-x86_64