CRAN Package Check Results for Package pooh

Last updated on 2025-07-21 05:51:07 CEST.

Flavor Version Tinstall Tcheck Ttotal Status Flags
r-devel-linux-x86_64-debian-clang 0.3-2 2.40 17.88 20.28 NOTE
r-devel-linux-x86_64-debian-gcc 0.3-2 2.03 15.30 17.33 NOTE
r-devel-linux-x86_64-fedora-clang 0.3-2 31.10 OK
r-devel-linux-x86_64-fedora-gcc 0.3-2 29.40 OK
r-devel-windows-x86_64 0.3-2 6.00 37.00 43.00 OK
r-patched-linux-x86_64 0.3-2 2.29 16.83 19.12 OK
r-release-linux-x86_64 0.3-2 2.27 16.92 19.19 OK
r-release-macos-arm64 0.3-2 17.00 OK
r-release-macos-x86_64 0.3-2 26.00 OK
r-release-windows-x86_64 0.3-2 7.00 43.00 50.00 OK
r-oldrel-macos-arm64 0.3-2 17.00 OK
r-oldrel-macos-x86_64 0.3-2 23.00 OK
r-oldrel-windows-x86_64 0.3-2 5.00 38.00 43.00 OK

Check Details

Version: 0.3-2
Check: CRAN incoming feasibility
Result: NOTE Maintainer: ‘Charles J. Geyer <charlie@stat.umn.edu>’ No Authors@R field in DESCRIPTION. Please add one, modifying Authors@R: c(person(given = c("Charles", "J."), family = "Geyer.", role = "aut", email = "charlie@stat.umn.edu"), person(given = c("Charles", "J."), family = "Geyer", role = "cre", email = "charlie@stat.umn.edu")) as necessary. Flavors: r-devel-linux-x86_64-debian-clang, r-devel-linux-x86_64-debian-gcc