Last updated on 2025-05-07 05:50:38 CEST.
Flavor | Version | Tinstall | Tcheck | Ttotal | Status | Flags |
---|---|---|---|---|---|---|
r-devel-linux-x86_64-debian-clang | 2.3.0 | 15.77 | 124.78 | 140.55 | NOTE | |
r-devel-linux-x86_64-debian-gcc | 2.3.0 | 12.04 | 88.64 | 100.68 | NOTE | |
r-devel-linux-x86_64-fedora-clang | 2.3.0 | 208.23 | OK | |||
r-devel-linux-x86_64-fedora-gcc | 2.3.0 | 205.63 | OK | |||
r-devel-windows-x86_64 | 2.3.0 | 21.00 | 132.00 | 153.00 | OK | |
r-patched-linux-x86_64 | 2.3.0 | 16.39 | 115.19 | 131.58 | OK | |
r-release-linux-x86_64 | 2.3.0 | 14.77 | 116.01 | 130.78 | OK | |
r-release-macos-arm64 | 2.3.0 | 58.00 | OK | |||
r-release-macos-x86_64 | 2.3.0 | 106.00 | OK | |||
r-release-windows-x86_64 | 2.3.0 | 18.00 | 134.00 | 152.00 | OK | |
r-oldrel-macos-arm64 | 2.3.0 | 61.00 | OK | |||
r-oldrel-macos-x86_64 | 2.3.0 | 82.00 | OK | |||
r-oldrel-windows-x86_64 | 2.3.0 | 26.00 | 164.00 | 190.00 | OK |
Version: 2.3.0
Check: CRAN incoming feasibility
Result: NOTE
Maintainer: ‘Barry Edwards <barry.edwards@ucf.edu>’
No Authors@R field in DESCRIPTION.
Please add one, modifying
Authors@R: c(person(given = "Barry",
family = "Edwards",
role = c("aut", "cre"),
email = "barry.edwards@ucf.edu"),
person(given = "Philip",
family = "Pollock",
role = "aut"))
as necessary.
Flavors: r-devel-linux-x86_64-debian-clang, r-devel-linux-x86_64-debian-gcc