CRAN Package Check Results for Package poisFErobust

Last updated on 2025-10-12 05:50:06 CEST.

Flavor Version Tinstall Tcheck Ttotal Status Flags
r-devel-linux-x86_64-debian-clang 2.0.0 1.83 25.31 27.14 NOTE
r-devel-linux-x86_64-debian-gcc 2.0.0 1.56 20.05 21.61 NOTE
r-devel-linux-x86_64-fedora-clang 2.0.0 41.41 NOTE
r-devel-linux-x86_64-fedora-gcc 2.0.0 38.72 NOTE
r-devel-windows-x86_64 2.0.0 2.00 43.00 45.00 NOTE
r-patched-linux-x86_64 2.0.0 2.07 23.70 25.77 NOTE
r-release-linux-x86_64 2.0.0 1.91 23.95 25.86 NOTE
r-release-macos-arm64 2.0.0 17.00 NOTE
r-release-macos-x86_64 2.0.0 28.00 NOTE
r-release-windows-x86_64 2.0.0 4.00 46.00 50.00 NOTE
r-oldrel-macos-arm64 2.0.0 18.00 NOTE
r-oldrel-macos-x86_64 2.0.0 24.00 NOTE
r-oldrel-windows-x86_64 2.0.0 4.00 50.00 54.00 NOTE

Check Details

Version: 2.0.0
Check: Rd files
Result: NOTE checkRd: (-1) pois.fe.robust.Rd:47: Lost braces in \itemize; meant \describe ? checkRd: (-1) pois.fe.robust.Rd:48: Lost braces in \itemize; meant \describe ? checkRd: (-1) pois.fe.robust.Rd:49: Lost braces in \itemize; meant \describe ? checkRd: (-1) pois.fe.robust.Rd:50-51: Lost braces in \itemize; meant \describe ? checkRd: (-1) pois.fe.robust.Rd:66: Lost braces in \itemize; \value handles \item{}{} directly checkRd: (-1) pois.fe.robust.Rd:67: Lost braces in \itemize; \value handles \item{}{} directly checkRd: (-1) pois.fe.robust.Rd:68-69: Lost braces in \itemize; \value handles \item{}{} directly Flavors: r-devel-linux-x86_64-debian-clang, r-devel-linux-x86_64-debian-gcc, r-devel-linux-x86_64-fedora-clang, r-devel-linux-x86_64-fedora-gcc, r-devel-windows-x86_64, r-patched-linux-x86_64, r-release-linux-x86_64, r-release-macos-arm64, r-release-macos-x86_64, r-release-windows-x86_64, r-oldrel-macos-arm64, r-oldrel-macos-x86_64, r-oldrel-windows-x86_64