CRAN Package Check Results for Package pointr

Last updated on 2025-05-08 05:51:57 CEST.

Flavor Version Tinstall Tcheck Ttotal Status Flags
r-devel-linux-x86_64-debian-clang 0.2.0 1.62 18.10 19.72 OK
r-devel-linux-x86_64-debian-gcc 0.2.0 1.33 15.10 16.43 OK
r-devel-linux-x86_64-fedora-clang 0.2.0 29.39 OK
r-devel-linux-x86_64-fedora-gcc 0.2.0 27.98 OK
r-devel-windows-x86_64 0.2.0 3.00 39.00 42.00 OK
r-patched-linux-x86_64 0.2.0 1.77 16.59 18.36 OK
r-release-linux-x86_64 0.2.0 1.66 16.72 18.38 OK
r-release-macos-arm64 0.2.0 18.00 OK
r-release-macos-x86_64 0.2.0 23.00 OK
r-release-windows-x86_64 0.2.0 3.00 40.00 43.00 OK
r-oldrel-macos-arm64 0.2.0 15.00 NOTE
r-oldrel-macos-x86_64 0.2.0 20.00 NOTE
r-oldrel-windows-x86_64 0.2.0 3.00 42.00 45.00 NOTE

Check Details

Version: 0.2.0
Check: LazyData
Result: NOTE 'LazyData' is specified without a 'data' directory Flavors: r-oldrel-macos-arm64, r-oldrel-macos-x86_64, r-oldrel-windows-x86_64