Last updated on 2025-05-07 05:50:38 CEST.
Flavor | Version | Tinstall | Tcheck | Ttotal | Status | Flags |
---|---|---|---|---|---|---|
r-devel-linux-x86_64-debian-clang | 0.1.0 | 3.75 | 22.05 | 25.80 | NOTE | |
r-devel-linux-x86_64-debian-gcc | 0.1.0 | 2.40 | 17.27 | 19.67 | NOTE | |
r-devel-linux-x86_64-fedora-clang | 0.1.0 | 40.34 | OK | |||
r-devel-linux-x86_64-fedora-gcc | 0.1.0 | 37.80 | OK | |||
r-devel-windows-x86_64 | 0.1.0 | 5.00 | 43.00 | 48.00 | OK | |
r-patched-linux-x86_64 | 0.1.0 | 3.40 | 21.25 | 24.65 | OK | |
r-release-linux-x86_64 | 0.1.0 | 3.58 | 21.05 | 24.63 | OK | |
r-release-macos-arm64 | 0.1.0 | 27.00 | OK | |||
r-release-macos-x86_64 | 0.1.0 | 35.00 | OK | |||
r-release-windows-x86_64 | 0.1.0 | 5.00 | 44.00 | 49.00 | OK | |
r-oldrel-macos-arm64 | 0.1.0 | 23.00 | OK | |||
r-oldrel-macos-x86_64 | 0.1.0 | 29.00 | OK | |||
r-oldrel-windows-x86_64 | 0.1.0 | 6.00 | 47.00 | 53.00 | OK |
Version: 0.1.0
Check: CRAN incoming feasibility
Result: NOTE
Maintainer: ‘Michael Doyle <michaeledoyle7@gmail.com>’
No Authors@R field in DESCRIPTION.
Please add one, modifying
Authors@R: person(given = "Michael",
family = "Doyle",
role = c("aut", "cre"),
email = "michaeledoyle7@gmail.com")
as necessary.
Flavors: r-devel-linux-x86_64-debian-clang, r-devel-linux-x86_64-debian-gcc