CRAN Package Check Results for Package plumberDeploy

Last updated on 2025-05-07 05:50:38 CEST.

Flavor Version Tinstall Tcheck Ttotal Status Flags
r-devel-linux-x86_64-debian-clang 0.2.1 1.95 19.75 21.70 OK
r-devel-linux-x86_64-debian-gcc 0.2.1 1.52 16.03 17.55 OK
r-devel-linux-x86_64-fedora-clang 0.2.1 31.71 NOTE
r-devel-linux-x86_64-fedora-gcc 0.2.1 30.26 NOTE
r-devel-windows-x86_64 0.2.1 3.00 40.00 43.00 OK
r-patched-linux-x86_64 0.2.1 2.03 17.50 19.53 OK
r-release-linux-x86_64 0.2.1 1.58 17.78 19.36 OK
r-release-macos-arm64 0.2.1 20.00 OK
r-release-macos-x86_64 0.2.1 26.00 OK
r-release-windows-x86_64 0.2.1 4.00 41.00 45.00 OK
r-oldrel-macos-arm64 0.2.1 15.00 NOTE
r-oldrel-macos-x86_64 0.2.1 21.00 NOTE
r-oldrel-windows-x86_64 0.2.1 4.00 43.00 47.00 NOTE

Check Details

Version: 0.2.1
Check: dependencies in R code
Result: NOTE Namespace in Imports field not imported from: ‘ssh’ All declared Imports should be used. Flavors: r-devel-linux-x86_64-fedora-clang, r-devel-linux-x86_64-fedora-gcc

Version: 0.2.1
Check: LazyData
Result: NOTE 'LazyData' is specified without a 'data' directory Flavors: r-oldrel-macos-arm64, r-oldrel-macos-x86_64, r-oldrel-windows-x86_64