Last updated on 2025-05-07 05:50:38 CEST.
Flavor | Version | Tinstall | Tcheck | Ttotal | Status | Flags |
---|---|---|---|---|---|---|
r-devel-linux-x86_64-debian-clang | 1.0.0 | 1.82 | 22.31 | 24.13 | NOTE | |
r-devel-linux-x86_64-debian-gcc | 1.0.0 | 1.43 | 17.99 | 19.42 | NOTE | |
r-devel-linux-x86_64-fedora-clang | 1.0.0 | 37.09 | OK | |||
r-devel-linux-x86_64-fedora-gcc | 1.0.0 | 35.25 | OK | |||
r-devel-windows-x86_64 | 1.0.0 | 3.00 | 43.00 | 46.00 | OK | |
r-patched-linux-x86_64 | 1.0.0 | 1.90 | 20.58 | 22.48 | OK | |
r-release-linux-x86_64 | 1.0.0 | 1.83 | 20.57 | 22.40 | OK | |
r-release-macos-arm64 | 1.0.0 | 22.00 | OK | |||
r-release-macos-x86_64 | 1.0.0 | 34.00 | OK | |||
r-release-windows-x86_64 | 1.0.0 | 5.00 | 43.00 | 48.00 | OK | |
r-oldrel-macos-arm64 | 1.0.0 | 16.00 | OK | |||
r-oldrel-macos-x86_64 | 1.0.0 | 23.00 | OK | |||
r-oldrel-windows-x86_64 | 1.0.0 | 3.00 | 47.00 | 50.00 | OK |
Version: 1.0.0
Check: CRAN incoming feasibility
Result: NOTE
Maintainer: ‘Javier Flores <javenrflo.pro@pm.me>’
Problems when reading CITATION file:
It is recommended to use ‘given’ instead of ‘middle’.
Package CITATION file contains call(s) to old-style citEntry(). Please
use bibentry() instead.
Flavors: r-devel-linux-x86_64-debian-clang, r-devel-linux-x86_64-debian-gcc