Last updated on 2025-05-08 05:51:57 CEST.
Flavor | Version | Tinstall | Tcheck | Ttotal | Status | Flags |
---|---|---|---|---|---|---|
r-devel-linux-x86_64-debian-clang | 1.2.9 | 13.09 | 115.95 | 129.04 | NOTE | |
r-devel-linux-x86_64-debian-gcc | 1.2.9 | 9.32 | 78.69 | 88.01 | NOTE | |
r-devel-linux-x86_64-fedora-clang | 1.2.9 | 226.11 | NOTE | |||
r-devel-linux-x86_64-fedora-gcc | 1.2.9 | 198.92 | NOTE | |||
r-devel-windows-x86_64 | 1.2.9 | 15.00 | 120.00 | 135.00 | NOTE | |
r-patched-linux-x86_64 | 1.2.9 | 11.98 | 114.10 | 126.08 | NOTE | |
r-release-linux-x86_64 | 1.2.9 | 12.48 | 112.12 | 124.60 | NOTE | |
r-release-macos-arm64 | 1.2.9 | 63.00 | NOTE | |||
r-release-macos-x86_64 | 1.2.9 | 121.00 | NOTE | |||
r-release-windows-x86_64 | 1.2.9 | 13.00 | 116.00 | 129.00 | NOTE | |
r-oldrel-macos-arm64 | 1.2.9 | 49.00 | NOTE | |||
r-oldrel-macos-x86_64 | 1.2.9 | 78.00 | NOTE | |||
r-oldrel-windows-x86_64 | 1.2.9 | 20.00 | 145.00 | 165.00 | NOTE |
Version: 1.2.9
Check: Rd files
Result: NOTE
checkRd: (-1) rosePlotsAct.Rd:19: Lost braces; missing escapes or markup?
19 | A \code{plotly} {htmlwidget} with rose plots for locomotor activity.
| ^
checkRd: (-1) rosePlotsSleep.Rd:19: Lost braces; missing escapes or markup?
19 | #' @return A \code{plotly} {htmlwidget} with rose plots for sleep data.
| ^
Flavors: r-devel-linux-x86_64-debian-clang, r-devel-linux-x86_64-debian-gcc, r-devel-linux-x86_64-fedora-clang, r-devel-linux-x86_64-fedora-gcc, r-devel-windows-x86_64, r-patched-linux-x86_64, r-release-linux-x86_64, r-release-macos-arm64, r-release-macos-x86_64, r-release-windows-x86_64, r-oldrel-macos-arm64, r-oldrel-macos-x86_64, r-oldrel-windows-x86_64