Last updated on 2025-05-07 05:50:38 CEST.
Flavor | Version | Tinstall | Tcheck | Ttotal | Status | Flags |
---|---|---|---|---|---|---|
r-devel-linux-x86_64-debian-clang | 1.0.0 | 3.44 | 82.43 | 85.87 | NOTE | |
r-devel-linux-x86_64-debian-gcc | 1.0.0 | 2.54 | 60.99 | 63.53 | NOTE | |
r-devel-linux-x86_64-fedora-clang | 1.0.0 | 136.76 | OK | |||
r-devel-linux-x86_64-fedora-gcc | 1.0.0 | 142.98 | OK | |||
r-devel-windows-x86_64 | 1.0.0 | 5.00 | 100.00 | 105.00 | OK | |
r-patched-linux-x86_64 | 1.0.0 | 4.40 | 79.94 | 84.34 | OK | |
r-release-linux-x86_64 | 1.0.0 | 3.53 | 78.39 | 81.92 | OK | |
r-release-macos-arm64 | 1.0.0 | 55.00 | OK | |||
r-release-macos-x86_64 | 1.0.0 | 95.00 | OK | |||
r-release-windows-x86_64 | 1.0.0 | 6.00 | 100.00 | 106.00 | OK | |
r-oldrel-macos-arm64 | 1.0.0 | 52.00 | OK | |||
r-oldrel-macos-x86_64 | 1.0.0 | 85.00 | OK | |||
r-oldrel-windows-x86_64 | 1.0.0 | 6.00 | 118.00 | 124.00 | OK |
Version: 1.0.0
Check: DESCRIPTION meta-information
Result: NOTE
Author field differs from that derived from Authors@R
Author: ‘Lawrence G. Chillrud [aut, cre, cph] (<https://orcid.org/0000-0003-0727-0161>), Jaime Benavides [aut] (<https://orcid.org/0000-0002-1851-5155>), Elizabeth A. Gibson [aut] (<https://orcid.org/0000-0001-5119-5133>), Junhui Zhang [aut] (<https://orcid.org/0009-0008-5922-1058>), Jingkai Yan [aut] (<https://orcid.org/0000-0002-2094-2092>), John N. Wright [aut], Jeff Goldsmith [aut], Marianthi-Anna Kioumourtzoglou [aut] (<https://orcid.org/0000-0001-5710-4992>), Columbia University [fnd] (00hj8s172)’
Authors@R: ‘Lawrence G. Chillrud [aut, cre, cph] (ORCID: <https://orcid.org/0000-0003-0727-0161>), Jaime Benavides [aut] (ORCID: <https://orcid.org/0000-0002-1851-5155>), Elizabeth A. Gibson [aut] (ORCID: <https://orcid.org/0000-0001-5119-5133>), Junhui Zhang [aut] (ORCID: <https://orcid.org/0009-0008-5922-1058>), Jingkai Yan [aut] (ORCID: <https://orcid.org/0000-0002-2094-2092>), John N. Wright [aut], Jeff Goldsmith [aut], Marianthi-Anna Kioumourtzoglou [aut] (ORCID: <https://orcid.org/0000-0001-5710-4992>), Columbia University [fnd] (ROR: <https://ror.org/00hj8s172>)’
Flavors: r-devel-linux-x86_64-debian-clang, r-devel-linux-x86_64-debian-gcc