CRAN Package Check Results for Package parsec

Last updated on 2025-05-07 05:50:38 CEST.

Flavor Version Tinstall Tcheck Ttotal Status Flags
r-devel-linux-x86_64-debian-clang 1.2.7 10.45 90.66 101.11 NOTE
r-devel-linux-x86_64-debian-gcc 1.2.7 7.47 64.63 72.10 NOTE
r-devel-linux-x86_64-fedora-clang 1.2.7 159.72 NOTE
r-devel-linux-x86_64-fedora-gcc 1.2.7 149.94 NOTE
r-devel-windows-x86_64 1.2.7 14.00 113.00 127.00 NOTE
r-patched-linux-x86_64 1.2.7 11.51 86.88 98.39 NOTE
r-release-linux-x86_64 1.2.7 9.36 85.93 95.29 NOTE
r-release-macos-arm64 1.2.7 55.00 NOTE
r-release-macos-x86_64 1.2.7 98.00 NOTE
r-release-windows-x86_64 1.2.7 14.00 115.00 129.00 NOTE
r-oldrel-macos-arm64 1.2.7 45.00 NOTE
r-oldrel-macos-x86_64 1.2.7 73.00 NOTE
r-oldrel-windows-x86_64 1.2.7 17.00 139.00 156.00 NOTE

Check Details

Version: 1.2.7
Check: CRAN incoming feasibility
Result: NOTE Maintainer: ‘Alberto Arcagni <alberto.arcagni@uniroma1.it>’ No Authors@R field in DESCRIPTION. Please add one, modifying Authors@R: c(person(given = "Alberto", family = "Arcagni", role = c("aut", "cre"), email = "alberto.arcagni@uniroma1.it"), person(given = "Marco", family = "Fattore", role = "aut")) as necessary. Flavors: r-devel-linux-x86_64-debian-clang, r-devel-linux-x86_64-debian-gcc

Version: 1.2.7
Check: Rd files
Result: NOTE checkRd: (-1) summary.parsec.Rd:13-14: Lost braces in \itemize; meant \describe ? Flavors: r-devel-linux-x86_64-debian-clang, r-devel-linux-x86_64-debian-gcc, r-devel-linux-x86_64-fedora-clang, r-devel-linux-x86_64-fedora-gcc, r-devel-windows-x86_64, r-patched-linux-x86_64, r-release-linux-x86_64, r-release-macos-arm64, r-release-macos-x86_64, r-release-windows-x86_64, r-oldrel-macos-arm64, r-oldrel-macos-x86_64, r-oldrel-windows-x86_64

Version: 1.2.7
Check: Rd cross-references
Result: NOTE Found the following Rd file(s) with Rd \link{} targets missing package anchors: parsec2igraph.Rd: igraph Please provide package anchors for all Rd \link{} targets not in the package itself and the base packages. Flavors: r-devel-linux-x86_64-debian-clang, r-devel-linux-x86_64-debian-gcc, r-devel-windows-x86_64, r-patched-linux-x86_64, r-release-linux-x86_64, r-release-windows-x86_64