Last updated on 2025-05-07 05:50:38 CEST.
Flavor | Version | Tinstall | Tcheck | Ttotal | Status | Flags |
---|---|---|---|---|---|---|
r-devel-linux-x86_64-debian-clang | 0.1.4 | 20.25 | 41.65 | 61.90 | NOTE | |
r-devel-linux-x86_64-debian-gcc | 0.1.4 | 12.97 | 30.30 | 43.27 | NOTE | |
r-devel-linux-x86_64-fedora-clang | 0.1.4 | 107.32 | NOTE | |||
r-devel-linux-x86_64-fedora-gcc | 0.1.4 | 99.79 | NOTE | |||
r-devel-windows-x86_64 | 0.1.4 | 25.00 | 92.00 | 117.00 | NOTE | |
r-patched-linux-x86_64 | 0.1.4 | 15.33 | 39.79 | 55.12 | NOTE | |
r-release-linux-x86_64 | 0.1.4 | 18.03 | 40.06 | 58.09 | NOTE | |
r-release-macos-arm64 | 0.1.4 | 33.00 | NOTE | |||
r-release-macos-x86_64 | 0.1.4 | 56.00 | NOTE | |||
r-release-windows-x86_64 | 0.1.4 | 25.00 | 90.00 | 115.00 | NOTE | |
r-oldrel-macos-arm64 | 0.1.4 | 30.00 | NOTE | |||
r-oldrel-macos-x86_64 | 0.1.4 | 45.00 | NOTE | |||
r-oldrel-windows-x86_64 | 0.1.4 | 28.00 | 106.00 | 134.00 | NOTE |
Version: 0.1.4
Check: Rd files
Result: NOTE
checkRd: (-1) DTV.Rd:20: Lost braces in \itemize; \value handles \item{}{} directly
checkRd: (-1) DTV.Rd:21: Lost braces in \itemize; \value handles \item{}{} directly
checkRd: (-1) DTV.Rd:22: Lost braces in \itemize; \value handles \item{}{} directly
checkRd: (-1) DTV.Rd:23: Lost braces in \itemize; \value handles \item{}{} directly
checkRd: (-1) DTV.Rd:24: Lost braces in \itemize; \value handles \item{}{} directly
Flavors: r-devel-linux-x86_64-debian-clang, r-devel-linux-x86_64-debian-gcc, r-devel-linux-x86_64-fedora-clang, r-devel-linux-x86_64-fedora-gcc, r-devel-windows-x86_64, r-patched-linux-x86_64, r-release-linux-x86_64, r-release-macos-arm64, r-release-macos-x86_64, r-release-windows-x86_64, r-oldrel-macos-arm64, r-oldrel-macos-x86_64, r-oldrel-windows-x86_64