CRAN Package Check Results for Package ordDisp

Last updated on 2025-05-08 05:51:56 CEST.

Flavor Version Tinstall Tcheck Ttotal Status Flags
r-devel-linux-x86_64-debian-clang 2.1.1 5.58 38.17 43.75 NOTE
r-devel-linux-x86_64-debian-gcc 2.1.1 3.89 28.66 32.55 NOTE
r-devel-linux-x86_64-fedora-clang 2.1.2 70.44 OK
r-devel-linux-x86_64-fedora-gcc 2.1.2 65.07 OK
r-devel-windows-x86_64 2.1.1 5.00 53.00 58.00 NOTE
r-patched-linux-x86_64 2.1.1 5.06 36.65 41.71 NOTE
r-release-linux-x86_64 2.1.1 4.68 36.60 41.28 NOTE
r-release-macos-arm64 2.1.2 23.00 OK
r-release-macos-x86_64 2.1.2 48.00 OK
r-release-windows-x86_64 2.1.1 6.00 55.00 61.00 NOTE
r-oldrel-macos-arm64 2.1.2 27.00 OK
r-oldrel-macos-x86_64 2.1.2 46.00 OK
r-oldrel-windows-x86_64 2.1.1 5.00 61.00 66.00 OK

Check Details

Version: 2.1.1
Check: CRAN incoming feasibility
Result: NOTE Maintainer: ‘Moritz Berger <moritz.berger@imbie.uni-bonn.de>’ No Authors@R field in DESCRIPTION. Please add one, modifying Authors@R: person(given = "Moritz", family = "Berger", role = c("aut", "cre"), email = "moritz.berger@imbie.uni-bonn.de") as necessary. Flavors: r-devel-linux-x86_64-debian-clang, r-devel-linux-x86_64-debian-gcc

Version: 2.1.1
Check: Rd cross-references
Result: NOTE Found the following Rd file(s) with Rd \link{} targets missing package anchors: ordDisp.Rd: vglm, VGAM Please provide package anchors for all Rd \link{} targets not in the package itself and the base packages. Flavors: r-devel-linux-x86_64-debian-clang, r-devel-linux-x86_64-debian-gcc, r-devel-windows-x86_64, r-patched-linux-x86_64, r-release-linux-x86_64, r-release-windows-x86_64