CRAN Package Check Results for Package notifyme

Last updated on 2025-10-12 05:50:04 CEST.

Flavor Version Tinstall Tcheck Ttotal Status Flags
r-devel-linux-x86_64-debian-clang 0.3.0 1.97 19.76 21.73 OK
r-devel-linux-x86_64-debian-gcc 0.3.0 1.45 16.15 17.60 OK
r-devel-linux-x86_64-fedora-clang 0.3.0 32.10 OK
r-devel-linux-x86_64-fedora-gcc 0.3.0 30.52 OK
r-devel-windows-x86_64 0.3.0 4.00 38.00 42.00 OK
r-patched-linux-x86_64 0.3.0 1.87 18.61 20.48 OK
r-release-linux-x86_64 0.3.0 1.81 18.65 20.46 OK
r-release-macos-arm64 0.3.0 15.00 OK
r-release-macos-x86_64 0.3.0 23.00 OK
r-release-windows-x86_64 0.3.0 3.00 41.00 44.00 OK
r-oldrel-macos-arm64 0.3.0 15.00 NOTE
r-oldrel-macos-x86_64 0.3.0 19.00 NOTE
r-oldrel-windows-x86_64 0.3.0 4.00 44.00 48.00 NOTE

Check Details

Version: 0.3.0
Check: LazyData
Result: NOTE 'LazyData' is specified without a 'data' directory Flavors: r-oldrel-macos-arm64, r-oldrel-macos-x86_64, r-oldrel-windows-x86_64