Last updated on 2025-05-07 05:50:37 CEST.
Flavor | Version | Tinstall | Tcheck | Ttotal | Status | Flags |
---|---|---|---|---|---|---|
r-devel-linux-x86_64-debian-clang | 1.2.8 | 12.61 | 70.34 | 82.95 | NOTE | |
r-devel-linux-x86_64-debian-gcc | 1.2.8 | 8.82 | 49.89 | 58.71 | NOTE | |
r-devel-linux-x86_64-fedora-clang | 1.2.9 | 146.05 | OK | |||
r-devel-linux-x86_64-fedora-gcc | 1.2.9 | 146.34 | OK | |||
r-devel-windows-x86_64 | 1.2.8 | 17.00 | 98.00 | 115.00 | OK | |
r-patched-linux-x86_64 | 1.2.8 | 12.34 | 66.29 | 78.63 | OK | |
r-release-linux-x86_64 | 1.2.8 | 11.32 | 66.58 | 77.90 | OK | |
r-release-macos-arm64 | 1.2.9 | 46.00 | OK | |||
r-release-macos-x86_64 | 1.2.9 | 79.00 | OK | |||
r-release-windows-x86_64 | 1.2.9 | 16.00 | 100.00 | 116.00 | OK | |
r-oldrel-macos-arm64 | 1.2.9 | 53.00 | OK | |||
r-oldrel-macos-x86_64 | 1.2.9 | 98.00 | OK | |||
r-oldrel-windows-x86_64 | 1.2.8 | 21.00 | 125.00 | 146.00 | OK |
Version: 1.2.8
Check: CRAN incoming feasibility
Result: NOTE
Maintainer: ‘Thijs Janzen <thijsjanzen@gmail.com>’
No Authors@R field in DESCRIPTION.
Please add one, modifying
Authors@R: person(given = "Thijs",
family = "Janzen",
role = c("aut", "cre"),
email = "thijsjanzen@gmail.com")
as necessary.
The BugReports field in DESCRIPTION has
https://github.com/thijsjanzen/nodeSub
which should likely be
https://github.com/thijsjanzen/nodeSub/issues
instead.
Flavors: r-devel-linux-x86_64-debian-clang, r-devel-linux-x86_64-debian-gcc