Last updated on 2025-05-07 05:50:37 CEST.
Flavor | Version | Tinstall | Tcheck | Ttotal | Status | Flags |
---|---|---|---|---|---|---|
r-devel-linux-x86_64-debian-clang | 0.3.0 | 9.40 | 470.43 | 479.83 | NOTE | |
r-devel-linux-x86_64-debian-gcc | 0.3.0 | 5.83 | 313.14 | 318.97 | NOTE | |
r-devel-linux-x86_64-fedora-clang | 0.3.0 | 505.94 | NOTE | |||
r-devel-linux-x86_64-fedora-gcc | 0.3.0 | 473.11 | NOTE | |||
r-devel-windows-x86_64 | 0.3.0 | 11.00 | 487.00 | 498.00 | NOTE | |
r-patched-linux-x86_64 | 0.3.0 | 9.51 | 432.11 | 441.62 | NOTE | |
r-release-linux-x86_64 | 0.3.0 | 7.77 | 432.06 | 439.83 | NOTE | |
r-release-macos-arm64 | 0.3.0 | 198.00 | NOTE | |||
r-release-macos-x86_64 | 0.3.0 | 590.00 | OK | |||
r-release-windows-x86_64 | 0.3.0 | 12.00 | 484.00 | 496.00 | NOTE | |
r-oldrel-macos-arm64 | 0.3.0 | 150.00 | OK | |||
r-oldrel-macos-x86_64 | 0.3.0 | 266.00 | OK | |||
r-oldrel-windows-x86_64 | 0.3.0 | 15.00 | 607.00 | 622.00 | OK |
Version: 0.3.0
Check: DESCRIPTION meta-information
Result: NOTE
Missing dependency on R >= 4.1.0 because package code uses the pipe
|> or function shorthand \(...) syntax added in R 4.1.0.
File(s) using such syntax:
‘addBaseline1exp.Rd’ ‘addBaselineConst.Rd’ ‘addBaselineExp.Rd’
‘addBaselineLin.Rd’ ‘addCmtProp.Rd’ ‘addDepot.Rd’ ‘addDirectLin.Rd’
‘addEffectCmtLin.Rd’ ‘addEta.Rd’ ‘addIndirect.Rd’ ‘addIndirectLin.Rd’
‘addLogEstimates.Rd’ ‘addResErr.Rd’ ‘addTransit.Rd’
‘addWeibullAbs.Rd’ ‘convertEmax.Rd’ ‘convertEmaxHill.Rd’
‘convertKinR0.Rd’ ‘convertLogLin.Rd’ ‘convertMM.Rd’ ‘convertQuad.Rd’
‘fakeCc.Rd’ ‘pkTrans.Rd’ ‘removeDepot.Rd’ ‘removeLinesAndInis.Rd’
‘removeTransit.Rd’
Flavors: r-devel-linux-x86_64-debian-clang, r-devel-linux-x86_64-debian-gcc, r-devel-linux-x86_64-fedora-clang, r-devel-linux-x86_64-fedora-gcc, r-devel-windows-x86_64, r-patched-linux-x86_64, r-release-linux-x86_64, r-release-macos-arm64, r-release-windows-x86_64