Last updated on 2025-05-07 05:50:36 CEST.
Flavor | Version | Tinstall | Tcheck | Ttotal | Status | Flags |
---|---|---|---|---|---|---|
r-devel-linux-x86_64-debian-clang | 1.6.7 | 9.13 | 87.01 | 96.14 | NOTE | |
r-devel-linux-x86_64-debian-gcc | 1.6.7 | 6.69 | 65.92 | 72.61 | NOTE | |
r-devel-linux-x86_64-fedora-clang | 1.6.7 | 156.96 | OK | |||
r-devel-linux-x86_64-fedora-gcc | 1.6.7 | 168.70 | OK | |||
r-devel-windows-x86_64 | 1.6.7 | 10.00 | 104.00 | 114.00 | NOTE | |
r-patched-linux-x86_64 | 1.6.7 | 9.48 | 82.46 | 91.94 | NOTE | |
r-release-linux-x86_64 | 1.6.7 | 8.49 | 82.98 | 91.47 | NOTE | |
r-release-macos-arm64 | 1.6.7 | 56.00 | OK | |||
r-release-macos-x86_64 | 1.6.7 | 108.00 | OK | |||
r-release-windows-x86_64 | 1.6.7 | 10.00 | 105.00 | 115.00 | NOTE | |
r-oldrel-macos-arm64 | 1.6.7 | 68.00 | OK | |||
r-oldrel-macos-x86_64 | 1.6.7 | 99.00 | OK | |||
r-oldrel-windows-x86_64 | 1.6.7 | 13.00 | 125.00 | 138.00 | OK |
Version: 1.6.7
Check: Rd cross-references
Result: NOTE
Found the following Rd file(s) with Rd \link{} targets missing package
anchors:
WeightedNNBasedLinesetMatching.Rd: dotprops, neuron
nat.nblast-package.Rd: neuronlist, neuronlistfh
nblast.Rd: nat-package, plyr
nblast_allbyall.Rd: neuronlist
neuron_pairs.Rd: neuronlist
plot3d.hclust.Rd: slice, colour_clusters
Please provide package anchors for all Rd \link{} targets not in the
package itself and the base packages.
Flavors: r-devel-linux-x86_64-debian-clang, r-devel-linux-x86_64-debian-gcc, r-devel-windows-x86_64, r-patched-linux-x86_64, r-release-linux-x86_64, r-release-windows-x86_64