CRAN Package Check Results for Package multiridge

Last updated on 2025-05-08 05:51:55 CEST.

Flavor Version Tinstall Tcheck Ttotal Status Flags
r-devel-linux-x86_64-debian-clang 1.11 7.62 73.02 80.64 NOTE
r-devel-linux-x86_64-debian-gcc 1.11 5.85 52.56 58.41 NOTE
r-devel-linux-x86_64-fedora-clang 1.11 125.38 OK
r-devel-linux-x86_64-fedora-gcc 1.11 125.66 OK
r-devel-windows-x86_64 1.11 9.00 86.00 95.00 OK
r-patched-linux-x86_64 1.11 7.73 69.17 76.90 OK
r-release-linux-x86_64 1.11 7.69 69.99 77.68 OK
r-release-macos-arm64 1.11 39.00 OK
r-release-macos-x86_64 1.11 69.00 OK
r-release-windows-x86_64 1.11 10.00 94.00 104.00 OK
r-oldrel-macos-arm64 1.11 39.00 OK
r-oldrel-macos-x86_64 1.11 56.00 OK
r-oldrel-windows-x86_64 1.11 12.00 107.00 119.00 OK

Check Details

Version: 1.11
Check: CRAN incoming feasibility
Result: NOTE Maintainer: ‘Mark A. van de Wiel <mark.vdwiel@amsterdamumc.nl>’ No Authors@R field in DESCRIPTION. Please add one, modifying Authors@R: person(given = c("Mark", "A."), family = "van de Wiel", role = c("aut", "cre"), email = "mark.vdwiel@amsterdamumc.nl") as necessary. The Description field contains be specified. See Van de Wiel et al. (2021), <arXiv:2005.09301>. Please refer to arXiv e-prints via their arXiv DOI <doi:10.48550/arXiv.YYMM.NNNNN>. Flavors: r-devel-linux-x86_64-debian-clang, r-devel-linux-x86_64-debian-gcc