Last updated on 2025-10-12 05:50:03 CEST.
Flavor | Version | Tinstall | Tcheck | Ttotal | Status | Flags |
---|---|---|---|---|---|---|
r-devel-linux-x86_64-debian-clang | 1.1.5.1 | 16.75 | 265.02 | 281.77 | NOTE | |
r-devel-linux-x86_64-debian-gcc | 1.1.5.1 | 11.48 | 186.70 | 198.18 | NOTE | |
r-devel-linux-x86_64-fedora-clang | 1.1.5.1 | 447.83 | NOTE | |||
r-devel-linux-x86_64-fedora-gcc | 1.1.5.1 | 434.45 | NOTE | |||
r-devel-windows-x86_64 | 1.1.5.1 | 21.00 | 226.00 | 247.00 | NOTE | |
r-patched-linux-x86_64 | 1.1.5.1 | 18.14 | 259.69 | 277.83 | NOTE | |
r-release-linux-x86_64 | 1.1.5.1 | 15.56 | 253.92 | 269.48 | NOTE | |
r-release-macos-arm64 | 1.1.5.1 | 124.00 | NOTE | |||
r-release-macos-x86_64 | 1.1.5.1 | 241.00 | NOTE | |||
r-release-windows-x86_64 | 1.1.5.1 | 22.00 | 228.00 | 250.00 | NOTE | |
r-oldrel-macos-arm64 | 1.1.5.1 | 106.00 | NOTE | |||
r-oldrel-macos-x86_64 | 1.1.5.1 | 181.00 | NOTE | |||
r-oldrel-windows-x86_64 | 1.1.5.1 | 27.00 | 324.00 | 351.00 | NOTE |
Version: 1.1.5.1
Check: Rd files
Result: NOTE
checkRd: (-1) MBOMultiObjResult.Rd:8: Lost braces in \itemize; meant \describe ?
checkRd: (-1) MBOMultiObjResult.Rd:9: Lost braces in \itemize; meant \describe ?
checkRd: (-1) MBOMultiObjResult.Rd:10: Lost braces in \itemize; meant \describe ?
checkRd: (-1) MBOMultiObjResult.Rd:11-13: Lost braces in \itemize; meant \describe ?
checkRd: (-1) MBOMultiObjResult.Rd:15: Lost braces in \itemize; meant \describe ?
checkRd: (-1) MBOSingleObjResult.Rd:8: Lost braces in \itemize; meant \describe ?
checkRd: (-1) MBOSingleObjResult.Rd:9-11: Lost braces in \itemize; meant \describe ?
checkRd: (-1) MBOSingleObjResult.Rd:12: Lost braces in \itemize; meant \describe ?
checkRd: (-1) MBOSingleObjResult.Rd:13-15: Lost braces in \itemize; meant \describe ?
checkRd: (-1) MBOSingleObjResult.Rd:16: Lost braces in \itemize; meant \describe ?
checkRd: (-1) MBOSingleObjResult.Rd:27: Lost braces in \itemize; meant \describe ?
checkRd: (-1) error_handling.Rd:12: Lost braces in \itemize; meant \describe ?
checkRd: (-1) error_handling.Rd:13: Lost braces in \itemize; meant \describe ?
checkRd: (-1) error_handling.Rd:14: Lost braces in \itemize; meant \describe ?
checkRd: (-1) error_handling.Rd:15: Lost braces in \itemize; meant \describe ?
checkRd: (-1) error_handling.Rd:16-17: Lost braces in \itemize; meant \describe ?
checkRd: (-1) error_handling.Rd:18-20: Lost braces in \itemize; meant \describe ?
checkRd: (-1) error_handling.Rd:21: Lost braces in \itemize; meant \describe ?
checkRd: (-1) mbo_parallel.Rd:9: Lost braces in \itemize; meant \describe ?
checkRd: (-1) mbo_parallel.Rd:10: Lost braces in \itemize; meant \describe ?
checkRd: (-1) setMBOControlMultiObj.Rd:119-120: Lost braces
119 | Notes in Computer Science, ISBN 978-3-642-37139-4, pp. 756{770,
| ^
checkRd: (-1) trafos.Rd:28: Lost braces in \itemize; meant \describe ?
checkRd: (-1) trafos.Rd:29: Lost braces in \itemize; meant \describe ?
Flavors: r-devel-linux-x86_64-debian-clang, r-devel-linux-x86_64-debian-gcc, r-devel-linux-x86_64-fedora-clang, r-devel-linux-x86_64-fedora-gcc, r-devel-windows-x86_64, r-patched-linux-x86_64, r-release-linux-x86_64, r-release-macos-arm64, r-release-macos-x86_64, r-release-windows-x86_64, r-oldrel-macos-arm64, r-oldrel-macos-x86_64, r-oldrel-windows-x86_64