Last updated on 2025-10-12 05:50:03 CEST.
Flavor | Version | Tinstall | Tcheck | Ttotal | Status | Flags |
---|---|---|---|---|---|---|
r-devel-linux-x86_64-debian-clang | 0.1.0 | 3.74 | 32.25 | 35.99 | NOTE | |
r-devel-linux-x86_64-debian-gcc | 0.1.0 | 2.87 | 25.82 | 28.69 | NOTE | |
r-devel-linux-x86_64-fedora-clang | 0.1.0 | 57.11 | OK | |||
r-devel-linux-x86_64-fedora-gcc | 0.1.0 | 53.58 | OK | |||
r-devel-windows-x86_64 | 0.1.0 | 5.00 | 53.00 | 58.00 | OK | |
r-patched-linux-x86_64 | 0.1.0 | 4.28 | 31.01 | 35.29 | OK | |
r-release-linux-x86_64 | 0.1.0 | 3.51 | 30.98 | 34.49 | OK | |
r-release-macos-arm64 | 0.1.0 | 21.00 | OK | |||
r-release-macos-x86_64 | 0.1.0 | 34.00 | OK | |||
r-release-windows-x86_64 | 0.1.0 | 5.00 | 55.00 | 60.00 | OK | |
r-oldrel-macos-arm64 | 0.1.0 | 20.00 | OK | |||
r-oldrel-macos-x86_64 | 0.1.0 | 28.00 | OK | |||
r-oldrel-windows-x86_64 | 0.1.0 | 6.00 | 63.00 | 69.00 | OK |
Version: 0.1.0
Check: CRAN incoming feasibility
Result: NOTE
Maintainer: ‘Laura Mack <laum52@zedat.fu-berlin.de>’
The Description field contains
<arXiv:2208.11438>].
Please refer to arXiv e-prints via their arXiv DOI <doi:10.48550/arXiv.YYMM.NNNNN>.
Flavors: r-devel-linux-x86_64-debian-clang, r-devel-linux-x86_64-debian-gcc