Last updated on 2025-05-07 05:50:35 CEST.
Flavor | Version | Tinstall | Tcheck | Ttotal | Status | Flags |
---|---|---|---|---|---|---|
r-devel-linux-x86_64-debian-clang | 1.0.1 | 6.50 | 68.76 | 75.26 | OK | |
r-devel-linux-x86_64-debian-gcc | 1.0.1 | 4.31 | 47.49 | 51.80 | OK | |
r-devel-linux-x86_64-fedora-clang | 1.0.1 | 105.30 | NOTE | |||
r-devel-linux-x86_64-fedora-gcc | 1.0.1 | 128.39 | NOTE | |||
r-devel-windows-x86_64 | 1.0.1 | 9.00 | 83.00 | 92.00 | OK | |
r-patched-linux-x86_64 | 1.0.1 | 6.15 | 63.35 | 69.50 | OK | |
r-release-linux-x86_64 | 1.0.1 | 5.71 | 63.36 | 69.07 | OK | |
r-release-macos-arm64 | 1.0.1 | 74.00 | OK | |||
r-release-macos-x86_64 | 1.0.1 | 90.00 | OK | |||
r-release-windows-x86_64 | 1.0.1 | 8.00 | 85.00 | 93.00 | OK | |
r-oldrel-macos-arm64 | 1.0.1 | 43.00 | NOTE | |||
r-oldrel-macos-x86_64 | 1.0.1 | 77.00 | NOTE | |||
r-oldrel-windows-x86_64 | 1.0.1 | 10.00 | 137.00 | 147.00 | NOTE |
Version: 1.0.1
Check: dependencies in R code
Result: NOTE
Namespace in Imports field not imported from: ‘glmnet’
All declared Imports should be used.
Flavors: r-devel-linux-x86_64-fedora-clang, r-devel-linux-x86_64-fedora-gcc
Version: 1.0.1
Check: LazyData
Result: NOTE
'LazyData' is specified without a 'data' directory
Flavors: r-oldrel-macos-arm64, r-oldrel-macos-x86_64, r-oldrel-windows-x86_64