Last updated on 2025-05-08 05:51:53 CEST.
Flavor | Version | Tinstall | Tcheck | Ttotal | Status | Flags |
---|---|---|---|---|---|---|
r-devel-linux-x86_64-debian-clang | 0.7.0 | 15.34 | 115.45 | 130.79 | NOTE | |
r-devel-linux-x86_64-debian-gcc | 0.7.0 | 11.03 | 85.36 | 96.39 | NOTE | |
r-devel-linux-x86_64-fedora-clang | 0.7.0 | 198.86 | OK | |||
r-devel-linux-x86_64-fedora-gcc | 0.7.0 | 200.45 | OK | |||
r-devel-windows-x86_64 | 0.7.0 | 17.00 | 115.00 | 132.00 | OK | |
r-patched-linux-x86_64 | 0.7.0 | 14.70 | 108.96 | 123.66 | OK | |
r-release-linux-x86_64 | 0.7.0 | 11.89 | 112.52 | 124.41 | OK | |
r-release-macos-arm64 | 0.7.0 | 53.00 | OK | |||
r-release-macos-x86_64 | 0.7.0 | 98.00 | OK | |||
r-release-windows-x86_64 | 0.7.0 | 17.00 | 120.00 | 137.00 | OK | |
r-oldrel-macos-arm64 | 0.7.0 | 51.00 | NOTE | |||
r-oldrel-macos-x86_64 | 0.7.0 | 74.00 | NOTE | |||
r-oldrel-windows-x86_64 | 0.7.0 | 21.00 | 193.00 | 214.00 | NOTE |
Version: 0.7.0
Check: CRAN incoming feasibility
Result: NOTE
Maintainer: ‘Ming Gao <gaoming@umich.edu>’
No Authors@R field in DESCRIPTION.
Please add one, modifying
Authors@R: c(person(given = "Ming",
family = "Gao",
role = c("aut", "cre"),
email = "gaoming@umich.edu"),
person(given = "Jialiang",
family = "Li",
role = "aut"))
as necessary.
Flavors: r-devel-linux-x86_64-debian-clang, r-devel-linux-x86_64-debian-gcc
Version: 0.7.0
Check: LazyData
Result: NOTE
'LazyData' is specified without a 'data' directory
Flavors: r-oldrel-macos-arm64, r-oldrel-macos-x86_64, r-oldrel-windows-x86_64