Last updated on 2025-05-08 05:51:53 CEST.
Flavor | Version | Tinstall | Tcheck | Ttotal | Status | Flags |
---|---|---|---|---|---|---|
r-devel-linux-x86_64-debian-clang | 2.1.1 | 7.84 | 69.60 | 77.44 | NOTE | |
r-devel-linux-x86_64-debian-gcc | 2.1.1 | 5.72 | 52.74 | 58.46 | NOTE | |
r-devel-linux-x86_64-fedora-clang | 2.1.1 | 115.22 | OK | |||
r-devel-linux-x86_64-fedora-gcc | 2.1.1 | 116.17 | OK | |||
r-devel-windows-x86_64 | 2.1.1 | 10.00 | 80.00 | 90.00 | OK | |
r-patched-linux-x86_64 | 2.1.1 | 7.76 | 65.84 | 73.60 | OK | |
r-release-linux-x86_64 | 2.1.1 | 7.22 | 65.89 | 73.11 | OK | |
r-release-macos-arm64 | 2.1.1 | 38.00 | OK | |||
r-release-macos-x86_64 | 2.1.1 | 57.00 | OK | |||
r-release-windows-x86_64 | 2.1.1 | 9.00 | 97.00 | 106.00 | OK | |
r-oldrel-macos-arm64 | 2.1.1 | 38.00 | OK | |||
r-oldrel-macos-x86_64 | 2.1.1 | 72.00 | OK | |||
r-oldrel-windows-x86_64 | 2.1.1 | 12.00 | 100.00 | 112.00 | OK |
Version: 2.1.1
Check: CRAN incoming feasibility
Result: NOTE
Maintainer: ‘Andrey Paramonov <paramon@acdlabs.ru>’
No Authors@R field in DESCRIPTION.
Please add one, modifying
Authors@R: person(given = "Andrey",
family = "Paramonov",
role = c("aut", "cre"),
email = "paramon@acdlabs.ru")
as necessary.
Flavors: r-devel-linux-x86_64-debian-clang, r-devel-linux-x86_64-debian-gcc