Last updated on 2025-05-08 05:51:53 CEST.
Flavor | Version | Tinstall | Tcheck | Ttotal | Status | Flags |
---|---|---|---|---|---|---|
r-devel-linux-x86_64-debian-clang | 1.0.1 | 11.57 | 84.16 | 95.73 | NOTE | |
r-devel-linux-x86_64-debian-gcc | 1.0.1 | 8.50 | 60.04 | 68.54 | NOTE | |
r-devel-linux-x86_64-fedora-clang | 1.0.1 | 148.13 | OK | |||
r-devel-linux-x86_64-fedora-gcc | 1.0.1 | 139.45 | OK | |||
r-devel-windows-x86_64 | 1.0.1 | 13.00 | 88.00 | 101.00 | OK | |
r-patched-linux-x86_64 | 1.0.1 | 11.60 | 79.17 | 90.77 | OK | |
r-release-linux-x86_64 | 1.0.1 | 10.45 | 78.48 | 88.93 | OK | |
r-release-macos-arm64 | 1.0.1 | 38.00 | OK | |||
r-release-macos-x86_64 | 1.0.1 | 66.00 | OK | |||
r-release-windows-x86_64 | 1.0.1 | 13.00 | 94.00 | 107.00 | OK | |
r-oldrel-macos-arm64 | 1.0.1 | 41.00 | OK | |||
r-oldrel-macos-x86_64 | 1.0.1 | 69.00 | OK | |||
r-oldrel-windows-x86_64 | 1.0.1 | 16.00 | 111.00 | 127.00 | OK |
Version: 1.0.1
Check: CRAN incoming feasibility
Result: NOTE
Maintainer: ‘Yi Zhao <yi_zhao@alumni.brown.edu>’
No Authors@R field in DESCRIPTION.
Please add one, modifying
Authors@R: c(person(given = "Yi",
family = "Zhao",
role = c("aut", "cre"),
email = "yi_zhao@alumni.brown.edu"),
person(given = "Xi",
family = "Luo",
role = "aut",
email = "xi.rossi.luo@gmail.com"))
as necessary.
File 'R/macc-internal.R' sets .Random.seed.
This is usually neither needed nor wanted.
The Description field contains
under Correlated Errors with an Application to fMRI, <arXiv:1410.7217>
Please refer to arXiv e-prints via their arXiv DOI <doi:10.48550/arXiv.YYMM.NNNNN>.
Flavors: r-devel-linux-x86_64-debian-clang, r-devel-linux-x86_64-debian-gcc