Last updated on 2025-05-08 05:51:53 CEST.
Flavor | Version | Tinstall | Tcheck | Ttotal | Status | Flags |
---|---|---|---|---|---|---|
r-devel-linux-x86_64-debian-clang | 2.1.8 | 9.10 | 88.11 | 97.21 | NOTE | |
r-devel-linux-x86_64-debian-gcc | 2.1.8 | 6.61 | 64.89 | 71.50 | NOTE | |
r-devel-linux-x86_64-fedora-clang | 2.1.8 | 162.57 | OK | |||
r-devel-linux-x86_64-fedora-gcc | 2.1.8 | 173.22 | OK | |||
r-devel-windows-x86_64 | 2.1.8 | 10.00 | 123.00 | 133.00 | OK | |
r-patched-linux-x86_64 | 2.1.8 | 9.36 | 85.28 | 94.64 | OK | |
r-release-linux-x86_64 | 2.1.8 | 8.94 | 85.81 | 94.75 | OK | |
r-release-macos-arm64 | 2.1.8 | 64.00 | OK | |||
r-release-macos-x86_64 | 2.1.8 | 99.00 | OK | |||
r-release-windows-x86_64 | 2.1.8 | 11.00 | 123.00 | 134.00 | OK | |
r-oldrel-macos-arm64 | 2.1.8 | 52.00 | OK | |||
r-oldrel-macos-x86_64 | 2.1.8 | 80.00 | OK | |||
r-oldrel-windows-x86_64 | 2.1.8 | 12.00 | 140.00 | 152.00 | OK |
Version: 2.1.8
Check: CRAN incoming feasibility
Result: NOTE
Maintainer: ‘Kaspar Rufibach <kaspar.rufibach@gmail.com>’
No Authors@R field in DESCRIPTION.
Please add one, modifying
Authors@R: c(person(given = "Kaspar",
family = "Rufibach",
role = c("aut", "cre"),
email = "kaspar.rufibach@gmail.com"),
person(given = "Lutz",
family = "Duembgen",
role = "aut",
email = "duembgen@stat.unibe.ch"))
as necessary.
Flavors: r-devel-linux-x86_64-debian-clang, r-devel-linux-x86_64-debian-gcc