Last updated on 2025-05-08 05:51:53 CEST.
Flavor | Version | Tinstall | Tcheck | Ttotal | Status | Flags |
---|---|---|---|---|---|---|
r-devel-linux-x86_64-debian-clang | 0.5.1 | 2.73 | 37.66 | 40.39 | NOTE | |
r-devel-linux-x86_64-debian-gcc | 0.5.1 | 1.92 | 30.34 | 32.26 | NOTE | |
r-devel-linux-x86_64-fedora-clang | 0.5.1 | 58.68 | OK | |||
r-devel-linux-x86_64-fedora-gcc | 0.5.1 | 62.24 | OK | |||
r-devel-windows-x86_64 | 0.5.1 | 4.00 | 62.00 | 66.00 | OK | |
r-patched-linux-x86_64 | 0.5.1 | 2.66 | 36.65 | 39.31 | OK | |
r-release-linux-x86_64 | 0.5.1 | 2.19 | 36.92 | 39.11 | OK | |
r-release-macos-arm64 | 0.5.1 | 34.00 | OK | |||
r-release-macos-x86_64 | 0.5.1 | 50.00 | OK | |||
r-release-windows-x86_64 | 0.5.1 | 5.00 | 67.00 | 72.00 | OK | |
r-oldrel-macos-arm64 | 0.5.1 | 30.00 | OK | |||
r-oldrel-macos-x86_64 | 0.5.1 | 41.00 | OK | |||
r-oldrel-windows-x86_64 | 0.5.1 | 4.00 | 64.00 | 68.00 | OK |
Version: 0.5.1
Check: CRAN incoming feasibility
Result: NOTE
Maintainer: ‘Hiroyuki Yamamoto <h.yama2396@gmail.com>’
No Authors@R field in DESCRIPTION.
Please add one, modifying
Authors@R: person(given = "Hiroyuki",
family = "Yamamoto",
role = c("aut", "cre"),
email = "h.yama2396@gmail.com")
as necessary.
Flavors: r-devel-linux-x86_64-debian-clang, r-devel-linux-x86_64-debian-gcc