CRAN Package Check Results for Package labdsv

Last updated on 2025-05-08 05:51:52 CEST.

Flavor Version Tinstall Tcheck Ttotal Status Flags
r-devel-linux-x86_64-debian-clang 2.1-0 13.89 87.62 101.51 NOTE
r-devel-linux-x86_64-debian-gcc 2.1-0 8.46 65.07 73.53 NOTE
r-devel-linux-x86_64-fedora-clang 2.1-0 161.00 NOTE
r-devel-linux-x86_64-fedora-gcc 2.1-0 156.90 NOTE
r-devel-windows-x86_64 2.1-0 18.00 109.00 127.00 NOTE
r-patched-linux-x86_64 2.1-0 11.85 83.40 95.25 NOTE
r-release-linux-x86_64 2.1-0 11.66 84.92 96.58 NOTE
r-release-macos-arm64 2.1-0 51.00 NOTE
r-release-macos-x86_64 2.1-0 87.00 NOTE
r-release-windows-x86_64 2.1-0 17.00 110.00 127.00 NOTE
r-oldrel-macos-arm64 2.1-0 44.00 NOTE
r-oldrel-macos-x86_64 2.1-0 65.00 NOTE
r-oldrel-windows-x86_64 2.1-0 21.00 132.00 153.00 NOTE

Check Details

Version: 2.1-0
Check: CRAN incoming feasibility
Result: NOTE Maintainer: ‘David W. Roberts <droberts@montana.edu>’ No Authors@R field in DESCRIPTION. Please add one, modifying Authors@R: person(given = c("David", "W."), family = "Roberts", role = c("aut", "cre"), email = "droberts@montana.edu") as necessary. Flavors: r-devel-linux-x86_64-debian-clang, r-devel-linux-x86_64-debian-gcc

Version: 2.1-0
Check: Rd files
Result: NOTE checkRd: (-1) reconcile.Rd:26: Lost braces 26 | refer to as the sQuote{comm} data.frame. The other data.frame contains all the | ^ Flavors: r-devel-linux-x86_64-debian-clang, r-devel-linux-x86_64-debian-gcc, r-devel-linux-x86_64-fedora-clang, r-devel-linux-x86_64-fedora-gcc, r-devel-windows-x86_64, r-patched-linux-x86_64, r-release-linux-x86_64, r-release-macos-arm64, r-release-macos-x86_64, r-release-windows-x86_64, r-oldrel-macos-arm64, r-oldrel-macos-x86_64, r-oldrel-windows-x86_64

Version: 2.1-0
Check: Rd cross-references
Result: NOTE Unknown package ‘optpart’ in Rd xrefs Flavors: r-devel-linux-x86_64-debian-clang, r-devel-linux-x86_64-debian-gcc, r-devel-linux-x86_64-fedora-gcc, r-patched-linux-x86_64, r-release-linux-x86_64, r-release-macos-arm64, r-release-macos-x86_64

Version: 2.1-0
Check: Rd cross-references
Result: NOTE Undeclared package ‘fso’ in Rd xrefs Unknown package ‘optpart’ in Rd xrefs Flavor: r-devel-linux-x86_64-fedora-clang

Version: 2.1-0
Check: compiled code
Result: NOTE File ‘labdsv/libs/labdsv.so’: Found no calls to: ‘R_registerRoutines’, ‘R_useDynamicSymbols’ It is good practice to register native routines and to disable symbol search. See ‘Writing portable packages’ in the ‘Writing R Extensions’ manual. Flavors: r-devel-linux-x86_64-fedora-clang, r-devel-linux-x86_64-fedora-gcc