Last updated on 2025-05-08 05:51:52 CEST.
Flavor | Version | Tinstall | Tcheck | Ttotal | Status | Flags |
---|---|---|---|---|---|---|
r-devel-linux-x86_64-debian-clang | 0.1.2 | 10.01 | 22.40 | 32.41 | NOTE | |
r-devel-linux-x86_64-debian-gcc | 0.1.2 | 8.12 | 18.21 | 26.33 | NOTE | |
r-devel-linux-x86_64-fedora-clang | 0.1.2 | 57.64 | OK | |||
r-devel-linux-x86_64-fedora-gcc | 0.1.2 | 56.89 | OK | |||
r-devel-windows-x86_64 | 0.1.2 | 14.00 | 67.00 | 81.00 | OK | |
r-patched-linux-x86_64 | 0.1.2 | 10.61 | 21.87 | 32.48 | OK | |
r-release-linux-x86_64 | 0.1.2 | 10.94 | 22.04 | 32.98 | OK | |
r-release-macos-arm64 | 0.1.2 | 23.00 | OK | |||
r-release-macos-x86_64 | 0.1.2 | 36.00 | OK | |||
r-release-windows-x86_64 | 0.1.2 | 14.00 | 67.00 | 81.00 | OK | |
r-oldrel-macos-arm64 | 0.1.2 | 21.00 | NOTE | |||
r-oldrel-macos-x86_64 | 0.1.2 | 30.00 | NOTE | |||
r-oldrel-windows-x86_64 | 0.1.2 | 13.00 | 72.00 | 85.00 | NOTE |
Version: 0.1.2
Check: CRAN incoming feasibility
Result: NOTE
Maintainer: ‘Kei Nakagawa <kei.nak.0315@gmail.com>’
The Description field contains
Anava and Levy (2016) <arXiv:1701.07266>.
Please refer to arXiv e-prints via their arXiv DOI <doi:10.48550/arXiv.YYMM.NNNNN>.
Flavors: r-devel-linux-x86_64-debian-clang, r-devel-linux-x86_64-debian-gcc
Version: 0.1.2
Check: LazyData
Result: NOTE
'LazyData' is specified without a 'data' directory
Flavors: r-oldrel-macos-arm64, r-oldrel-macos-x86_64, r-oldrel-windows-x86_64