Last updated on 2025-10-12 05:50:00 CEST.
Flavor | Version | Tinstall | Tcheck | Ttotal | Status | Flags |
---|---|---|---|---|---|---|
r-devel-linux-x86_64-debian-clang | 1.0.4 | 10.51 | 95.84 | 106.35 | NOTE | |
r-devel-linux-x86_64-debian-gcc | 1.0.4 | 7.33 | 68.98 | 76.31 | NOTE | |
r-devel-linux-x86_64-fedora-clang | 1.0.4 | 181.01 | OK | |||
r-devel-linux-x86_64-fedora-gcc | 1.0.4 | 189.84 | OK | |||
r-devel-windows-x86_64 | 1.0.4 | 11.00 | 223.00 | 234.00 | OK | |
r-patched-linux-x86_64 | 1.0.4 | 12.19 | 90.29 | 102.48 | OK | |
r-release-linux-x86_64 | 1.0.4 | 10.84 | 89.81 | 100.65 | OK | |
r-release-macos-arm64 | 1.0.4 | 58.00 | OK | |||
r-release-macos-x86_64 | 1.0.4 | 187.00 | OK | |||
r-release-windows-x86_64 | 1.0.4 | 11.00 | 186.00 | 197.00 | OK | |
r-oldrel-macos-arm64 | 1.0.4 | 58.00 | OK | |||
r-oldrel-macos-x86_64 | 1.0.4 | 101.00 | OK | |||
r-oldrel-windows-x86_64 | 1.0.4 | 13.00 | 201.00 | 214.00 | OK |
Version: 1.0.4
Check: CRAN incoming feasibility
Result: NOTE
Maintainer: ‘Iago Giné-Vázquez <iago.gin-vaz@protonmail.com>’
The Description field contains
in Arsalane Chouaib Guidoum (2020) <arXiv:2012.06102> [stat.CO]).
Please refer to arXiv e-prints via their arXiv DOI <doi:10.48550/arXiv.YYMM.NNNNN>.
Flavors: r-devel-linux-x86_64-debian-clang, r-devel-linux-x86_64-debian-gcc