Last updated on 2025-05-08 05:51:52 CEST.
Flavor | Version | Tinstall | Tcheck | Ttotal | Status | Flags |
---|---|---|---|---|---|---|
r-devel-linux-x86_64-debian-clang | 0.1.2 | 5.35 | 46.29 | 51.64 | NOTE | |
r-devel-linux-x86_64-debian-gcc | 0.1.2 | 4.19 | 34.63 | 38.82 | NOTE | |
r-devel-linux-x86_64-fedora-clang | 0.1.2 | 72.29 | OK | |||
r-devel-linux-x86_64-fedora-gcc | 0.1.2 | 78.48 | OK | |||
r-devel-windows-x86_64 | 0.1.2 | 8.00 | 61.00 | 69.00 | OK | |
r-patched-linux-x86_64 | 0.1.2 | 5.12 | 43.76 | 48.88 | OK | |
r-release-linux-x86_64 | 0.1.2 | 5.43 | 43.89 | 49.32 | OK | |
r-release-macos-arm64 | 0.1.2 | 27.00 | OK | |||
r-release-macos-x86_64 | 0.1.2 | 44.00 | OK | |||
r-release-windows-x86_64 | 0.1.2 | 8.00 | 62.00 | 70.00 | OK | |
r-oldrel-macos-arm64 | 0.1.2 | 25.00 | OK | |||
r-oldrel-macos-x86_64 | 0.1.2 | 36.00 | OK | |||
r-oldrel-windows-x86_64 | 0.1.2 | 9.00 | 72.00 | 81.00 | OK |
Version: 0.1.2
Check: CRAN incoming feasibility
Result: NOTE
Maintainer: ‘Hannah Franziska Löchel <loechelh@mathematik.uni-marburg.de>’
No Authors@R field in DESCRIPTION.
Please add one, modifying
Authors@R: c(person(given = "Dominik",
family = "Eger",
role = "aut"),
person(given = c("Hannah", "Franziska"),
family = "Löchel",
role = c("aut", "cre"),
email = "loechelh@mathematik.uni-marburg.de"))
as necessary.
Flavors: r-devel-linux-x86_64-debian-clang, r-devel-linux-x86_64-debian-gcc