Last updated on 2025-05-07 05:50:33 CEST.
Flavor | Version | Tinstall | Tcheck | Ttotal | Status | Flags |
---|---|---|---|---|---|---|
r-devel-linux-x86_64-debian-clang | 1.0.1 | 7.03 | 63.34 | 70.37 | OK | |
r-devel-linux-x86_64-debian-gcc | 1.0.1 | 4.66 | 44.80 | 49.46 | OK | |
r-devel-linux-x86_64-fedora-clang | 1.0.1 | 107.43 | OK | |||
r-devel-linux-x86_64-fedora-gcc | 1.0.1 | 114.19 | OK | |||
r-devel-windows-x86_64 | 1.0.1 | 7.00 | 69.00 | 76.00 | OK | |
r-patched-linux-x86_64 | 1.0.1 | 5.76 | 56.94 | 62.70 | OK | |
r-release-linux-x86_64 | 1.0.1 | 6.41 | 56.46 | 62.87 | OK | |
r-release-macos-arm64 | 1.0.1 | 51.00 | OK | |||
r-release-macos-x86_64 | 1.0.1 | 68.00 | OK | |||
r-release-windows-x86_64 | 1.0.1 | 8.00 | 68.00 | 76.00 | OK | |
r-oldrel-macos-arm64 | 1.0.1 | 37.00 | NOTE | |||
r-oldrel-macos-x86_64 | 1.0.1 | 56.00 | NOTE | |||
r-oldrel-windows-x86_64 | 1.0.1 | 10.00 | 85.00 | 95.00 | NOTE |
Version: 1.0.1
Check: LazyData
Result: NOTE
'LazyData' is specified without a 'data' directory
Flavors: r-oldrel-macos-arm64, r-oldrel-macos-x86_64, r-oldrel-windows-x86_64