Last updated on 2025-05-08 05:51:52 CEST.
Flavor | Version | Tinstall | Tcheck | Ttotal | Status | Flags |
---|---|---|---|---|---|---|
r-devel-linux-x86_64-debian-clang | 1.0 | 25.61 | 184.60 | 210.21 | NOTE | |
r-devel-linux-x86_64-debian-gcc | 1.0 | 14.89 | 113.75 | 128.64 | NOTE | |
r-devel-linux-x86_64-fedora-clang | 1.0 | 329.04 | OK | |||
r-devel-linux-x86_64-fedora-gcc | 1.0 | 318.16 | OK | |||
r-devel-windows-x86_64 | 1.0 | 19.00 | 146.00 | 165.00 | OK | |
r-patched-linux-x86_64 | 1.0 | 21.24 | 171.22 | 192.46 | OK | |
r-release-linux-x86_64 | 1.0 | 20.29 | 169.13 | 189.42 | OK | |
r-release-macos-arm64 | 1.0 | 55.00 | OK | |||
r-release-macos-x86_64 | 1.0 | 129.00 | OK | |||
r-release-windows-x86_64 | 1.0 | 20.00 | 149.00 | 169.00 | OK | |
r-oldrel-macos-arm64 | 1.0 | 56.00 | OK | |||
r-oldrel-macos-x86_64 | 1.0 | 101.00 | OK | |||
r-oldrel-windows-x86_64 | 1.0 | 21.00 | 200.00 | 221.00 | OK |
Version: 1.0
Check: CRAN incoming feasibility
Result: NOTE
Maintainer: ‘Michele Dalponte <michele.dalponte@fmach.it>’
No Authors@R field in DESCRIPTION.
Please add one, modifying
Authors@R: person(given = "Michele",
family = "Dalponte",
role = c("aut", "cre"),
email = "michele.dalponte@fmach.it")
as necessary.
Flavors: r-devel-linux-x86_64-debian-clang, r-devel-linux-x86_64-debian-gcc