CRAN Package Check Results for Package ipr

Last updated on 2025-11-06 05:50:00 CET.

Flavor Version Tinstall Tcheck Ttotal Status Flags
r-devel-linux-x86_64-debian-clang 0.1.0 1.65 18.41 20.06 NOTE
r-devel-linux-x86_64-debian-gcc 0.1.0 1.20 15.29 16.49 NOTE
r-devel-linux-x86_64-fedora-clang 0.1.0 30.04 OK
r-devel-linux-x86_64-fedora-gcc 0.1.0 25.85 OK
r-devel-windows-x86_64 0.1.0 3.00 32.00 35.00 OK
r-patched-linux-x86_64 0.1.0 1.67 17.29 18.96 OK
r-release-linux-x86_64 0.1.0 1.45 17.03 18.48 OK
r-release-macos-arm64 0.1.0 1.00 13.00 14.00 OK
r-release-macos-x86_64 0.1.0 2.00 19.00 21.00 OK
r-release-windows-x86_64 0.1.0 3.00 31.00 34.00 OK
r-oldrel-macos-arm64 0.1.0 1.00 12.00 13.00 NOTE
r-oldrel-macos-x86_64 0.1.0 1.00 17.00 18.00 NOTE
r-oldrel-windows-x86_64 0.1.0 3.00 34.00 37.00 NOTE

Check Details

Version: 0.1.0
Check: CRAN incoming feasibility
Result: NOTE Maintainer: ‘Jean-Benoit Rossel <jean-benoit.rossel@unisante.ch>’ No Authors@R field in DESCRIPTION. Please add one, modifying Authors@R: c(person(given = c("Dr.", "Jean-Benoit"), family = "Rossel", role = "aut"), person(given = c("Prof.", "Valentin"), family = "Rousson", role = "aut"), person(given = c("Dr.", "Yves"), family = "Eggli", role = "aut"), person(given = "Jean-Benoit", family = "Rossel", role = "cre", email = "jean-benoit.rossel@unisante.ch")) as necessary. Flavors: r-devel-linux-x86_64-debian-clang, r-devel-linux-x86_64-debian-gcc

Version: 0.1.0
Check: LazyData
Result: NOTE 'LazyData' is specified without a 'data' directory Flavors: r-oldrel-macos-arm64, r-oldrel-macos-x86_64, r-oldrel-windows-x86_64