Last updated on 2025-05-07 05:50:33 CEST.
Flavor | Version | Tinstall | Tcheck | Ttotal | Status | Flags |
---|---|---|---|---|---|---|
r-devel-linux-x86_64-debian-clang | 0.2.4 | 2.40 | 21.98 | 24.38 | NOTE | |
r-devel-linux-x86_64-debian-gcc | 0.2.4 | 1.42 | 17.76 | 19.18 | NOTE | |
r-devel-linux-x86_64-fedora-clang | 0.2.4 | 37.72 | OK | |||
r-devel-linux-x86_64-fedora-gcc | 0.2.4 | 37.17 | OK | |||
r-devel-windows-x86_64 | 0.2.4 | 3.00 | 45.00 | 48.00 | OK | |
r-patched-linux-x86_64 | 0.2.4 | 2.47 | 21.28 | 23.75 | OK | |
r-release-linux-x86_64 | 0.2.4 | 2.36 | 21.05 | 23.41 | OK | |
r-release-macos-arm64 | 0.2.4 | 18.00 | OK | |||
r-release-macos-x86_64 | 0.2.4 | 28.00 | OK | |||
r-release-windows-x86_64 | 0.2.4 | 4.00 | 44.00 | 48.00 | OK | |
r-oldrel-macos-arm64 | 0.2.4 | 16.00 | OK | |||
r-oldrel-macos-x86_64 | 0.2.4 | 23.00 | OK | |||
r-oldrel-windows-x86_64 | 0.2.4 | 5.00 | 47.00 | 52.00 | OK |
Version: 0.2.4
Check: CRAN incoming feasibility
Result: NOTE
Maintainer: ‘Pablo Barbera <pbarbera@usc.edu>’
No Authors@R field in DESCRIPTION.
Please add one, modifying
Authors@R: c(person(given = "Pablo",
family = "Barbera",
role = c("aut", "cre"),
email = "pbarbera@usc.edu"),
person(given = "Tiago",
family = "Dantas",
role = "ctb"),
person(given = "Jonne",
family = "Guyt",
role = "ctb"))
as necessary.
Flavors: r-devel-linux-x86_64-debian-clang, r-devel-linux-x86_64-debian-gcc