Last updated on 2025-05-08 05:51:51 CEST.
Flavor | Version | Tinstall | Tcheck | Ttotal | Status | Flags |
---|---|---|---|---|---|---|
r-devel-linux-x86_64-debian-clang | 0.9-9 | 7.54 | 65.06 | 72.60 | NOTE | |
r-devel-linux-x86_64-debian-gcc | 0.9-9 | 5.27 | 49.17 | 54.44 | NOTE | |
r-devel-linux-x86_64-fedora-clang | 0.9-9 | 112.52 | NOTE | |||
r-devel-linux-x86_64-fedora-gcc | 0.9-9 | 118.92 | NOTE | |||
r-devel-windows-x86_64 | 0.9-9 | 9.00 | 76.00 | 85.00 | NOTE | |
r-patched-linux-x86_64 | 0.9-9 | 8.25 | 61.94 | 70.19 | NOTE | |
r-release-linux-x86_64 | 0.9-9 | 8.34 | 62.43 | 70.77 | NOTE | |
r-release-macos-arm64 | 0.9-9 | 38.00 | NOTE | |||
r-release-macos-x86_64 | 0.9-9 | 69.00 | NOTE | |||
r-release-windows-x86_64 | 0.9-9 | 9.00 | 79.00 | 88.00 | NOTE | |
r-oldrel-macos-arm64 | 0.9-9 | 37.00 | NOTE | |||
r-oldrel-macos-x86_64 | 0.9-9 | 49.00 | NOTE | |||
r-oldrel-windows-x86_64 | 0.9-9 | 12.00 | 90.00 | 102.00 | NOTE |
Version: 0.9-9
Check: CRAN incoming feasibility
Result: NOTE
Maintainer: ‘Rense Nieuwenhuis <rense.nieuwenhuis@sofi.su.se>’
No Authors@R field in DESCRIPTION.
Please add one, modifying
Authors@R: c(person(given = "Rense",
family = "Nieuwenhuis",
role = c("aut", "cre"),
email = "rense.nieuwenhuis@sofi.su.se"),
person(given = "Ben",
family = "Pelzer",
role = "aut"),
person(given = c("Manfred", "te"),
family = "Grotenhuis",
role = "aut"))
as necessary.
Package CITATION file contains call(s) to old-style personList() or
as.personList(). Please use c() on person objects instead.
Package CITATION file contains call(s) to old-style citEntry(). Please
use bibentry() instead.
Flavors: r-devel-linux-x86_64-debian-clang, r-devel-linux-x86_64-debian-gcc
Version: 0.9-9
Check: Rd files
Result: NOTE
checkRd: (-1) school23.Rd:30: Escaped LaTeX specials: \&
checkRd: (-1) school23.Rd:35: Escaped LaTeX specials: \&
Flavors: r-devel-linux-x86_64-debian-clang, r-devel-linux-x86_64-debian-gcc, r-devel-linux-x86_64-fedora-clang, r-devel-linux-x86_64-fedora-gcc, r-devel-windows-x86_64, r-patched-linux-x86_64, r-release-linux-x86_64, r-release-macos-arm64, r-release-macos-x86_64, r-release-windows-x86_64, r-oldrel-macos-arm64, r-oldrel-macos-x86_64, r-oldrel-windows-x86_64