Last updated on 2025-05-07 05:50:32 CEST.
Flavor | Version | Tinstall | Tcheck | Ttotal | Status | Flags |
---|---|---|---|---|---|---|
r-devel-linux-x86_64-debian-clang | 1.5.0 | 39.12 | 32.34 | 71.46 | NOTE | |
r-devel-linux-x86_64-debian-gcc | 1.5.0 | 28.89 | 24.61 | 53.50 | NOTE | |
r-devel-linux-x86_64-fedora-clang | 1.5.0 | 133.35 | OK | |||
r-devel-linux-x86_64-fedora-gcc | 1.5.0 | 142.62 | OK | |||
r-devel-windows-x86_64 | 1.5.0 | 41.00 | 65.00 | 106.00 | OK | |
r-patched-linux-x86_64 | 1.5.0 | 39.93 | 31.74 | 71.67 | OK | |
r-release-linux-x86_64 | 1.5.0 | 37.34 | 31.37 | 68.71 | OK | |
r-release-macos-arm64 | 1.5.0 | 31.00 | OK | |||
r-release-macos-x86_64 | 1.5.0 | 44.00 | OK | |||
r-release-windows-x86_64 | 1.5.0 | 43.00 | 69.00 | 112.00 | OK | |
r-oldrel-macos-arm64 | 1.5.0 | 31.00 | OK | |||
r-oldrel-macos-x86_64 | 1.5.0 | 40.00 | OK | |||
r-oldrel-windows-x86_64 | 1.5.0 | 41.00 | 80.00 | 121.00 | OK |
Version: 1.5.0
Check: CRAN incoming feasibility
Result: NOTE
Maintainer: ‘Xiangdong Gu <ustcgxd@gmail.com>’
No Authors@R field in DESCRIPTION.
Please add one, modifying
Authors@R: c(person(given = "Xiangdong",
family = "Gu",
role = c("aut", "cre"),
email = "ustcgxd@gmail.com"),
person(given = "Raji",
family = "Balasubramanian",
role = "aut"))
as necessary.
Flavors: r-devel-linux-x86_64-debian-clang, r-devel-linux-x86_64-debian-gcc