Last updated on 2025-11-06 05:49:59 CET.
| Flavor | Version | Tinstall | Tcheck | Ttotal | Status | Flags |
|---|---|---|---|---|---|---|
| r-devel-linux-x86_64-debian-clang | 0.1 | 2.62 | 25.86 | 28.48 | OK | |
| r-devel-linux-x86_64-debian-gcc | 0.1 | 1.78 | 20.34 | 22.12 | OK | |
| r-devel-linux-x86_64-fedora-clang | 0.1 | 42.24 | OK | |||
| r-devel-linux-x86_64-fedora-gcc | 0.1 | 40.04 | OK | |||
| r-devel-windows-x86_64 | 0.1 | 4.00 | 41.00 | 45.00 | OK | |
| r-patched-linux-x86_64 | 0.1 | 3.04 | 24.56 | 27.60 | OK | |
| r-release-linux-x86_64 | 0.1 | 2.72 | 24.48 | 27.20 | OK | |
| r-release-macos-arm64 | 0.1 | 1.00 | 15.00 | 16.00 | OK | |
| r-release-macos-x86_64 | 0.1 | 2.00 | 23.00 | 25.00 | OK | |
| r-release-windows-x86_64 | 0.1 | 3.00 | 40.00 | 43.00 | OK | |
| r-oldrel-macos-arm64 | 0.1 | 1.00 | 14.00 | 15.00 | NOTE | |
| r-oldrel-macos-x86_64 | 0.1 | 4.00 | 22.00 | 26.00 | NOTE | |
| r-oldrel-windows-x86_64 | 0.1 | 4.00 | 42.00 | 46.00 | NOTE |
Version: 0.1
Check: LazyData
Result: NOTE
'LazyData' is specified without a 'data' directory
Flavors: r-oldrel-macos-arm64, r-oldrel-macos-x86_64, r-oldrel-windows-x86_64