Last updated on 2025-05-08 05:51:51 CEST.
Flavor | Version | Tinstall | Tcheck | Ttotal | Status | Flags |
---|---|---|---|---|---|---|
r-devel-linux-x86_64-debian-clang | 1.0-10 | 4.12 | 51.17 | 55.29 | NOTE | |
r-devel-linux-x86_64-debian-gcc | 1.0-10 | 3.08 | 38.14 | 41.22 | NOTE | |
r-devel-linux-x86_64-fedora-clang | 1.0-10 | 84.25 | OK | |||
r-devel-linux-x86_64-fedora-gcc | 1.0-10 | 80.94 | OK | |||
r-devel-windows-x86_64 | 1.0-10 | 6.00 | 64.00 | 70.00 | OK | |
r-patched-linux-x86_64 | 1.0-10 | 4.55 | 48.01 | 52.56 | OK | |
r-release-linux-x86_64 | 1.0-10 | 4.43 | 47.57 | 52.00 | OK | |
r-release-macos-arm64 | 1.0-10 | 28.00 | OK | |||
r-release-macos-x86_64 | 1.0-10 | 44.00 | OK | |||
r-release-windows-x86_64 | 1.0-10 | 7.00 | 0.00 | 7.00 | FAIL | |
r-oldrel-macos-arm64 | 1.0-10 | 25.00 | OK | |||
r-oldrel-macos-x86_64 | 1.0-10 | 38.00 | OK | |||
r-oldrel-windows-x86_64 | 1.0-10 | 8.00 | 75.00 | 83.00 | OK |
Version: 1.0-10
Check: CRAN incoming feasibility
Result: NOTE
Maintainer: ‘Patrick Mair <mair@fas.harvard.edu>’
Package CITATION file contains call(s) to old-style personList() or
as.personList(). Please use c() on person objects instead.
Package CITATION file contains call(s) to old-style citEntry(). Please
use bibentry() instead.
Flavors: r-devel-linux-x86_64-debian-clang, r-devel-linux-x86_64-debian-gcc
Version: 1.0-10
Check: PDF version of manual
Result: FAIL
Check process probably crashed or hung up for 20 minutes ... killed
Most likely this happened in the example checks (?),
if not, ignore the following last lines of example output:
> small
first second third
01 a p u
02 b q v
03 a r v
04 a p u
05 b p v
06 c p v
07 a p u
08 a p v
09 c p v
10 a p v
>
>
>
> ### * <FOOTER>
> ###
> cleanEx()
> options(digits = 7L)
> base::cat("Time elapsed: ", proc.time() - base::get("ptime", pos = 'CheckExEnv'),"\n")
Time elapsed: 7.24 0.77 8 NA NA
> grDevices::dev.off()
null device
1
> ###
> ### Local variables: ***
> ### mode: outline-minor ***
> ### outline-regexp: "\\(> \\)?### [*]+" ***
> ### End: ***
> quit('no')
======== End of example output (where/before crash/hang up occured ?) ========
Flavor: r-release-windows-x86_64