Last updated on 2025-07-15 05:51:22 CEST.
Flavor | Version | Tinstall | Tcheck | Ttotal | Status | Flags |
---|---|---|---|---|---|---|
r-devel-linux-x86_64-debian-clang | 1.5.0 | 7.63 | 245.37 | 253.00 | NOTE | |
r-devel-linux-x86_64-debian-gcc | 1.6.0 | 6.01 | 166.29 | 172.30 | OK | |
r-devel-linux-x86_64-fedora-clang | 1.6.0 | 376.28 | OK | |||
r-devel-linux-x86_64-fedora-gcc | 1.6.0 | 392.39 | OK | |||
r-devel-windows-x86_64 | 1.6.0 | 12.00 | 216.00 | 228.00 | OK | |
r-patched-linux-x86_64 | 1.5.0 | 8.10 | 229.60 | 237.70 | NOTE | |
r-release-linux-x86_64 | 1.5.0 | 8.17 | 228.77 | 236.94 | NOTE | |
r-release-macos-arm64 | 1.5.0 | 104.00 | NOTE | |||
r-release-macos-x86_64 | 1.6.0 | 212.00 | OK | |||
r-release-windows-x86_64 | 1.6.0 | 12.00 | 228.00 | 240.00 | OK | |
r-oldrel-macos-arm64 | 1.5.0 | 115.00 | NOTE | |||
r-oldrel-macos-x86_64 | 1.6.0 | 211.00 | NOTE | |||
r-oldrel-windows-x86_64 | 1.6.0 | 13.00 | 287.00 | 300.00 | NOTE |
Version: 1.5.0
Check: Rd files
Result: NOTE
checkRd: (-1) heatmaply.Rd:282: Lost braces
282 | row and column dendrograms. The default uses stats{reorder.dendrogram}}
| ^
checkRd: (-1) heatmapr.Rd:93: Lost braces
93 | \item{reorderfun}{function(d, w) of dendrogram and weights for reordering the row and column dendrograms. The default uses stats{reorder.dendrogram}}
| ^
checkRd: (-1) is.plotly.Rd:16: Lost braces
16 | Helpful for the plot_method in link{heatmaply}.
| ^
Flavors: r-devel-linux-x86_64-debian-clang, r-patched-linux-x86_64, r-release-linux-x86_64, r-release-macos-arm64, r-oldrel-macos-arm64
Version: 1.5.0
Check: Rd cross-references
Result: NOTE
Found the following Rd file(s) with Rd \link{} targets missing package
anchors:
RColorBrewer_colors.Rd: brewer.pal, viridis
heatmaply.Rd: scale_color_gradient
Please provide package anchors for all Rd \link{} targets not in the
package itself and the base packages.
Flavors: r-devel-linux-x86_64-debian-clang, r-patched-linux-x86_64, r-release-linux-x86_64
Version: 1.5.0
Check: installed package size
Result: NOTE
installed size is 5.5Mb
sub-directories of 1Mb or more:
doc 5.1Mb
Flavor: r-oldrel-macos-arm64
Version: 1.6.0
Check: installed package size
Result: NOTE
installed size is 5.9Mb
sub-directories of 1Mb or more:
doc 5.4Mb
Flavors: r-oldrel-macos-x86_64, r-oldrel-windows-x86_64